CRAN Package Check Results for Package fdasrvf

Last updated on 2018-04-29 01:46:47 CEST.

Flavor Version Tinstall Tcheck Ttotal Status Flags
r-devel-linux-x86_64-debian-clang 1.8.3 359.94 186.76 546.70 OK
r-devel-linux-x86_64-debian-gcc 1.8.3 276.88 149.26 426.14 OK
r-devel-linux-x86_64-fedora-clang 1.8.3 818.00 NOTE
r-devel-linux-x86_64-fedora-gcc 1.8.3 708.73 NOTE
r-devel-windows-ix86+x86_64 1.8.3 1222.00 438.00 1660.00 NOTE
r-patched-linux-x86_64 1.8.3 364.42 188.11 552.53 OK
r-patched-solaris-x86 1.8.3 747.60 NOTE
r-release-linux-x86_64 1.8.3 363.65 193.36 557.01 OK
r-release-windows-ix86+x86_64 1.8.3 1222.00 438.00 1660.00 NOTE
r-release-osx-x86_64 1.8.3 NOTE
r-oldrel-windows-ix86+x86_64 1.8.3 950.00 362.00 1312.00 NOTE
r-oldrel-osx-x86_64 1.8.3 NOTE

Check Details

Version: 1.8.3
Check: installed package size
Result: NOTE
     installed size is 9.9Mb
     sub-directories of 1Mb or more:
     data 2.3Mb
     libs 7.1Mb
Flavors: r-devel-linux-x86_64-fedora-clang, r-devel-linux-x86_64-fedora-gcc, r-devel-windows-ix86+x86_64, r-release-windows-ix86+x86_64, r-release-osx-x86_64, r-oldrel-windows-ix86+x86_64, r-oldrel-osx-x86_64

Version: 1.8.3
Check: dependencies in R code
Result: NOTE
    Namespace in Imports field not imported from: ‘testthat’
     All declared Imports should be used.
Flavors: r-devel-linux-x86_64-fedora-clang, r-devel-linux-x86_64-fedora-gcc, r-patched-solaris-x86, r-release-osx-x86_64, r-oldrel-osx-x86_64