Last updated on 2018-04-29 01:46:48 CEST.
Flavor | Version | Tinstall | Tcheck | Ttotal | Status | Flags |
---|---|---|---|---|---|---|
r-devel-linux-x86_64-debian-clang | 0.6 | 1.52 | 22.93 | 24.45 | OK | |
r-devel-linux-x86_64-debian-gcc | 0.6 | 1.03 | 18.85 | 19.88 | OK | |
r-devel-linux-x86_64-fedora-clang | 0.6 | 29.70 | OK | |||
r-devel-linux-x86_64-fedora-gcc | 0.6 | 28.15 | OK | |||
r-devel-windows-ix86+x86_64 | 0.6 | 4.00 | 42.00 | 46.00 | OK | |
r-patched-linux-x86_64 | 0.6 | 1.62 | 22.68 | 24.30 | OK | |
r-patched-solaris-x86 | 0.6 | 45.70 | OK | |||
r-release-linux-x86_64 | 0.6 | 1.42 | 22.32 | 23.74 | OK | |
r-release-windows-ix86+x86_64 | 0.6 | 4.00 | 42.00 | 46.00 | OK | |
r-release-osx-x86_64 | 0.6 | OK | ||||
r-oldrel-windows-ix86+x86_64 | 0.6 | 3.00 | 30.00 | 33.00 | OK | |
r-oldrel-osx-x86_64 | 0.6 | WARN |
Version: 0.6
Check: re-building of vignette outputs
Result: WARN
Error in re-building vignettes:
...
Error in texi2dvi(file = file, pdf = TRUE, clean = clean, quiet = quiet, :
Running 'texi2dvi' on 'gb2016_complement.tex' failed.
LaTeX errors:
! LaTeX Error: File `fourier.sty' not found.
Type X to quit or <RETURN> to proceed,
or enter new name. (Default extension: sty)
! Emergency stop.
<read *>
l.8 \usepackage
[english]{babel}^^M
! ==> Fatal error occurred, no output PDF file produced!
Calls: buildVignettes -> texi2pdf -> texi2dvi
Execution halted
Flavor: r-oldrel-osx-x86_64