Last updated on 2018-04-29 01:46:48 CEST.
Flavor | Version | Tinstall | Tcheck | Ttotal | Status | Flags |
---|---|---|---|---|---|---|
r-devel-linux-x86_64-debian-clang | 1.3.3 | 1.29 | 20.89 | 22.18 | OK | |
r-devel-linux-x86_64-debian-gcc | 1.3.3 | 0.75 | 18.31 | 19.06 | OK | |
r-devel-linux-x86_64-fedora-clang | 1.3.3 | 26.41 | OK | |||
r-devel-linux-x86_64-fedora-gcc | 1.3.3 | 24.98 | OK | |||
r-devel-windows-ix86+x86_64 | 1.3.3 | 3.00 | 40.00 | 43.00 | OK | |
r-patched-linux-x86_64 | 1.3.3 | 1.12 | 20.45 | 21.57 | NOTE | |
r-patched-solaris-x86 | 1.3.3 | 42.30 | OK | |||
r-release-linux-x86_64 | 1.3.3 | 1.23 | 20.41 | 21.64 | NOTE | |
r-release-windows-ix86+x86_64 | 1.3.3 | 3.00 | 40.00 | 43.00 | OK | |
r-release-osx-x86_64 | 1.3.3 | OK | ||||
r-oldrel-windows-ix86+x86_64 | 1.3.3 | 4.00 | 46.00 | 50.00 | OK | |
r-oldrel-osx-x86_64 | 1.3.3 | OK |
Version: 1.3.3
Check: DESCRIPTION meta-information
Result: NOTE
Dependence on R version ‘3.3.1’ not with patchlevel 0
Flavors: r-patched-linux-x86_64, r-release-linux-x86_64