CRAN Package Check Results for Package fulltext

Last updated on 2018-04-29 01:46:49 CEST.

Flavor Version Tinstall Tcheck Ttotal Status Flags
r-devel-linux-x86_64-debian-clang 1.0.1 7.42 64.27 71.69 OK
r-devel-linux-x86_64-debian-gcc 1.0.1 7.89 56.40 64.29 OK
r-devel-linux-x86_64-fedora-clang 1.0.1 89.20 OK
r-devel-linux-x86_64-fedora-gcc 1.0.1 85.39 OK
r-devel-windows-ix86+x86_64 1.0.1 30.00 119.00 149.00 OK
r-patched-linux-x86_64 1.0.1 9.14 63.39 72.53 OK
r-patched-solaris-x86 1.0.1 128.70 NOTE
r-release-linux-x86_64 1.0.1 7.43 63.69 71.12 OK
r-release-windows-ix86+x86_64 1.0.1 30.00 119.00 149.00 OK
r-release-osx-x86_64 1.0.1 OK
r-oldrel-windows-ix86+x86_64 1.0.1 12.00 87.00 99.00 OK
r-oldrel-osx-x86_64 1.0.1 OK

Check Details

Version: 1.0.1
Check: installed package size
Result: NOTE
     installed size is 5.4Mb
     sub-directories of 1Mb or more:
     examples 4.6Mb
Flavor: r-patched-solaris-x86