Last updated on 2018-04-29 01:46:49 CEST.
Flavor | Version | Tinstall | Tcheck | Ttotal | Status | Flags |
---|---|---|---|---|---|---|
r-devel-linux-x86_64-debian-clang | 1.0.0 | 26.69 | 290.65 | 317.34 | WARN | |
r-devel-linux-x86_64-debian-gcc | 1.0.0 | 22.70 | 247.40 | 270.10 | WARN | |
r-devel-linux-x86_64-fedora-clang | 1.0.0 | 426.82 | WARN | |||
r-devel-linux-x86_64-fedora-gcc | 1.0.0 | 429.49 | WARN | |||
r-devel-windows-ix86+x86_64 | 1.0.0 | 64.00 | 835.00 | 899.00 | WARN | |
r-patched-linux-x86_64 | 1.0.0 | 27.18 | 286.85 | 314.03 | WARN | |
r-patched-solaris-x86 | 1.0.0 | 1111.30 | WARN | |||
r-release-linux-x86_64 | 1.0.0 | 27.82 | 317.14 | 344.96 | WARN | |
r-release-windows-ix86+x86_64 | 1.0.0 | 64.00 | 835.00 | 899.00 | WARN | |
r-release-osx-x86_64 | 1.0.0 | WARN | ||||
r-oldrel-windows-ix86+x86_64 | 1.0.0 | 51.00 | 833.00 | 884.00 | WARN | |
r-oldrel-osx-x86_64 | 1.0.0 | OK |
Version: 1.0.0
Check: examples
Result: WARN
Found the following significant warnings:
Warning: 'rBind' is deprecated.
Deprecated functions may be defunct as soon as of the next release of
R.
See ?Deprecated.
Flavors: r-devel-linux-x86_64-debian-clang, r-devel-linux-x86_64-debian-gcc, r-devel-linux-x86_64-fedora-clang, r-devel-linux-x86_64-fedora-gcc, r-patched-linux-x86_64, r-patched-solaris-x86, r-release-linux-x86_64, r-release-osx-x86_64
Version: 1.0.0
Check: installed package size
Result: NOTE
installed size is 5.0Mb
sub-directories of 1Mb or more:
libs 4.8Mb
Flavors: r-devel-linux-x86_64-fedora-clang, r-devel-linux-x86_64-fedora-gcc, r-release-osx-x86_64
Version: 1.0.0
Check: running examples for arch ‘i386’
Result: WARN
Found the following significant warnings:
Warning: 'rBind' is deprecated.
Deprecated functions may be defunct as soon as of the next release of
R.
See ?Deprecated.
Flavors: r-devel-windows-ix86+x86_64, r-release-windows-ix86+x86_64, r-oldrel-windows-ix86+x86_64
Version: 1.0.0
Check: running examples for arch ‘x64’
Result: WARN
Found the following significant warnings:
Warning: 'rBind' is deprecated.
Deprecated functions may be defunct as soon as of the next release of
R.
See ?Deprecated.
Flavors: r-devel-windows-ix86+x86_64, r-release-windows-ix86+x86_64, r-oldrel-windows-ix86+x86_64