Last updated on 2018-04-29 01:46:49 CEST.
Flavor | Version | Tinstall | Tcheck | Ttotal | Status | Flags |
---|---|---|---|---|---|---|
r-devel-linux-x86_64-debian-clang | 1.0.5 | 3.59 | 121.71 | 125.30 | OK | |
r-devel-linux-x86_64-debian-gcc | 1.0.5 | 2.95 | 117.36 | 120.31 | OK | |
r-devel-linux-x86_64-fedora-clang | 1.0.5 | 151.04 | OK | |||
r-devel-linux-x86_64-fedora-gcc | 1.0.5 | 148.08 | OK | |||
r-devel-windows-ix86+x86_64 | 1.0.5 | 24.00 | 179.00 | 203.00 | OK | |
r-patched-linux-x86_64 | 1.0.5 | 3.68 | 121.33 | 125.01 | OK | |
r-patched-solaris-x86 | 1.0.5 | 234.30 | OK | |||
r-release-linux-x86_64 | 1.0.5 | 3.05 | 122.04 | 125.09 | OK | |
r-release-windows-ix86+x86_64 | 1.0.5 | 24.00 | 179.00 | 203.00 | OK | |
r-release-osx-x86_64 | 1.0.5 | OK | ||||
r-oldrel-windows-ix86+x86_64 | 1.0.5 | 16.00 | 173.00 | 189.00 | OK | |
r-oldrel-osx-x86_64 | 1.0.5 | NOTE |
Version: 1.0.5
Check: package dependencies
Result: NOTE
Package suggested but not available for checking: ‘WGCNA’
Flavor: r-oldrel-osx-x86_64