Last updated on 2018-04-29 01:46:49 CEST.
Flavor | Version | Tinstall | Tcheck | Ttotal | Status | Flags |
---|---|---|---|---|---|---|
r-devel-linux-x86_64-debian-clang | 0.1.7 | 45.98 | 23.24 | 69.22 | OK | |
r-devel-linux-x86_64-debian-gcc | 0.1.7 | 37.01 | 19.76 | 56.77 | OK | |
r-devel-linux-x86_64-fedora-clang | 0.1.7 | 93.55 | OK | |||
r-devel-linux-x86_64-fedora-gcc | 0.1.7 | 81.52 | OK | |||
r-devel-windows-ix86+x86_64 | 0.1.7 | 139.00 | 105.00 | 244.00 | NOTE | |
r-patched-linux-x86_64 | 0.1.7 | 49.23 | 22.44 | 71.67 | OK | |
r-patched-solaris-x86 | 0.1.7 | 92.90 | OK | |||
r-release-linux-x86_64 | 0.1.7 | 48.54 | 22.47 | 71.01 | OK | |
r-release-windows-ix86+x86_64 | 0.1.7 | 139.00 | 105.00 | 244.00 | NOTE | |
r-release-osx-x86_64 | 0.1.7 | OK | ||||
r-oldrel-windows-ix86+x86_64 | 0.1.7 | 106.00 | 87.00 | 193.00 | NOTE | |
r-oldrel-osx-x86_64 | 0.1.7 | OK |
Version: 0.1.7
Check: installed package size
Result: NOTE
installed size is 7.5Mb
sub-directories of 1Mb or more:
libs 7.4Mb
Flavors: r-devel-windows-ix86+x86_64, r-release-windows-ix86+x86_64, r-oldrel-windows-ix86+x86_64