CRAN Package Check Results for Package geometa

Last updated on 2018-04-29 01:46:50 CEST.

Flavor Version Tinstall Tcheck Ttotal Status Flags
r-devel-linux-x86_64-debian-clang 0.2-0 69.17 271.64 340.81 OK
r-devel-linux-x86_64-debian-gcc 0.2-0 64.01 206.26 270.27 OK
r-devel-linux-x86_64-fedora-clang 0.2-0 410.69 NOTE
r-devel-linux-x86_64-fedora-gcc 0.2-0 384.81 NOTE
r-devel-windows-ix86+x86_64 0.2-0 157.00 638.00 795.00 NOTE
r-patched-linux-x86_64 0.2-0 74.58 254.84 329.42 OK
r-patched-solaris-x86 0.2-0 511.00 NOTE
r-release-linux-x86_64 0.2-0 75.06 267.83 342.89 OK
r-release-windows-ix86+x86_64 0.2-0 157.00 638.00 795.00 NOTE
r-release-osx-x86_64 0.2-0 NOTE
r-oldrel-windows-ix86+x86_64 0.2-0 47.00 638.00 685.00 OK
r-oldrel-osx-x86_64 0.2-0 OK

Check Details

Version: 0.2-0
Check: installed package size
Result: NOTE
     installed size is 5.4Mb
     sub-directories of 1Mb or more:
     R 3.5Mb
     extdata 1.4Mb
Flavors: r-devel-linux-x86_64-fedora-clang, r-devel-linux-x86_64-fedora-gcc, r-devel-windows-ix86+x86_64, r-patched-solaris-x86, r-release-windows-ix86+x86_64, r-release-osx-x86_64