Last updated on 2018-04-29 01:46:50 CEST.
Flavor | Version | Tinstall | Tcheck | Ttotal | Status | Flags |
---|---|---|---|---|---|---|
r-devel-linux-x86_64-debian-clang | 0.1.5 | 1.31 | 19.27 | 20.58 | OK | |
r-devel-linux-x86_64-debian-gcc | 0.1.5 | 1.21 | 16.42 | 17.63 | OK | |
r-devel-linux-x86_64-fedora-clang | 0.1.5 | 24.87 | NOTE | |||
r-devel-linux-x86_64-fedora-gcc | 0.1.5 | 23.58 | NOTE | |||
r-devel-windows-ix86+x86_64 | 0.1.5 | 4.00 | 42.00 | 46.00 | OK | |
r-patched-linux-x86_64 | 0.1.5 | 1.30 | 18.79 | 20.09 | OK | |
r-patched-solaris-x86 | 0.1.5 | 40.50 | NOTE | |||
r-release-linux-x86_64 | 0.1.5 | 0.98 | 19.12 | 20.10 | OK | |
r-release-windows-ix86+x86_64 | 0.1.5 | 4.00 | 42.00 | 46.00 | OK | |
r-release-osx-x86_64 | 0.1.5 | NOTE | ||||
r-oldrel-windows-ix86+x86_64 | 0.1.5 | 3.00 | 42.00 | 45.00 | OK | |
r-oldrel-osx-x86_64 | 0.1.5 | NOTE |
Version: 0.1.5
Check: dependencies in R code
Result: NOTE
Namespace in Imports field not imported from: ‘dplyr’
All declared Imports should be used.
Flavors: r-devel-linux-x86_64-fedora-clang, r-devel-linux-x86_64-fedora-gcc, r-patched-solaris-x86, r-release-osx-x86_64, r-oldrel-osx-x86_64