CRAN Package Check Results for Package ggRandomForests

Last updated on 2018-04-29 01:46:50 CEST.

Flavor Version Tinstall Tcheck Ttotal Status Flags
r-devel-linux-x86_64-debian-clang 2.0.1 8.18 82.55 90.73 OK
r-devel-linux-x86_64-debian-gcc 2.0.1 7.26 68.35 75.61 OK
r-devel-linux-x86_64-fedora-clang 2.0.1 104.83 NOTE
r-devel-linux-x86_64-fedora-gcc 2.0.1 99.80 NOTE
r-devel-windows-ix86+x86_64 2.0.1 23.00 124.00 147.00 OK
r-patched-linux-x86_64 2.0.1 8.71 75.06 83.77 OK
r-patched-solaris-x86 2.0.1 154.10 NOTE
r-release-linux-x86_64 2.0.1 6.10 75.55 81.65 OK
r-release-windows-ix86+x86_64 2.0.1 23.00 124.00 147.00 OK
r-release-osx-x86_64 2.0.1 NOTE
r-oldrel-windows-ix86+x86_64 2.0.1 11.00 123.00 134.00 OK
r-oldrel-osx-x86_64 2.0.1 NOTE

Check Details

Version: 2.0.1
Check: dependencies in R code
Result: NOTE
    Namespace in Imports field not imported from: ‘randomForest’
     All declared Imports should be used.
Flavors: r-devel-linux-x86_64-fedora-clang, r-devel-linux-x86_64-fedora-gcc, r-patched-solaris-x86, r-release-osx-x86_64, r-oldrel-osx-x86_64