CRAN Package Check Results for Package googleAuthR

Last updated on 2018-04-29 01:46:50 CEST.

Flavor Version Tinstall Tcheck Ttotal Status Flags
r-devel-linux-x86_64-debian-clang 0.6.2 4.13 33.51 37.64 OK
r-devel-linux-x86_64-debian-gcc 0.6.2 3.10 27.62 30.72 OK
r-devel-linux-x86_64-fedora-clang 0.6.2 44.37 NOTE
r-devel-linux-x86_64-fedora-gcc 0.6.2 42.20 NOTE
r-devel-windows-ix86+x86_64 0.6.2 9.00 73.00 82.00 OK
r-patched-linux-x86_64 0.6.2 4.18 33.03 37.21 OK
r-patched-solaris-x86 0.6.2 63.40 NOTE
r-release-linux-x86_64 0.6.2 3.79 33.27 37.06 OK
r-release-windows-ix86+x86_64 0.6.2 9.00 73.00 82.00 OK
r-release-osx-x86_64 0.6.2 NOTE
r-oldrel-windows-ix86+x86_64 0.6.2 4.00 54.00 58.00 OK
r-oldrel-osx-x86_64 0.6.2 NOTE

Check Details

Version: 0.6.2
Check: dependencies in R code
Result: NOTE
    Namespace in Imports field not imported from: ‘R6’
     All declared Imports should be used.
Flavors: r-devel-linux-x86_64-fedora-clang, r-devel-linux-x86_64-fedora-gcc, r-patched-solaris-x86, r-release-osx-x86_64, r-oldrel-osx-x86_64