Last updated on 2018-04-29 01:46:50 CEST.
Flavor | Version | Tinstall | Tcheck | Ttotal | Status | Flags |
---|---|---|---|---|---|---|
r-devel-linux-x86_64-debian-clang | 0.1.2 | 1.61 | 20.58 | 22.19 | OK | |
r-devel-linux-x86_64-debian-gcc | 0.1.2 | 1.61 | 17.16 | 18.77 | OK | |
r-devel-linux-x86_64-fedora-clang | 0.1.2 | 25.79 | OK | |||
r-devel-linux-x86_64-fedora-gcc | 0.1.2 | 23.84 | OK | |||
r-devel-windows-ix86+x86_64 | 0.1.2 | 12.00 | 54.00 | 66.00 | OK | |
r-patched-linux-x86_64 | 0.1.2 | 1.78 | 19.42 | 21.20 | OK | |
r-patched-solaris-x86 | 0.1.2 | 45.30 | OK | |||
r-release-linux-x86_64 | 0.1.2 | 1.92 | 19.31 | 21.23 | OK | |
r-release-windows-ix86+x86_64 | 0.1.2 | 12.00 | 54.00 | 66.00 | OK | |
r-release-osx-x86_64 | 0.1.2 | WARN | ||||
r-oldrel-windows-ix86+x86_64 | 0.1.2 | 7.00 | 52.00 | 59.00 | OK | |
r-oldrel-osx-x86_64 | 0.1.2 | OK |
Version: 0.1.2
Check: re-building of vignette outputs
Result: WARN
Error in re-building vignettes:
...
Warning in engine$weave(file, quiet = quiet, encoding = enc) :
Pandoc (>= 1.12.3) and/or pandoc-citeproc not available. Falling back to R Markdown v1.
Error: processing vignette 'intro.Rmd' failed with diagnostics:
shared object 'stringi.so' not found
Execution halted
Flavor: r-release-osx-x86_64