CRAN Package Check Results for Package gqlr

Last updated on 2018-04-29 01:46:51 CEST.

Flavor Version Tinstall Tcheck Ttotal Status Flags
r-devel-linux-x86_64-debian-clang 0.0.1 359.71 120.78 480.49 OK
r-devel-linux-x86_64-debian-gcc 0.0.1 314.84 98.47 413.31 OK
r-devel-linux-x86_64-fedora-clang 0.0.1 674.46 NOTE
r-devel-linux-x86_64-fedora-gcc 0.0.1 659.14 NOTE
r-devel-windows-ix86+x86_64 0.0.1 558.00 189.00 747.00 NOTE
r-patched-linux-x86_64 0.0.1 337.39 122.54 459.93 OK
r-patched-solaris-x86 0.0.1 758.50 NOTE
r-release-linux-x86_64 0.0.1 347.94 153.23 501.17 OK
r-release-windows-ix86+x86_64 0.0.1 558.00 189.00 747.00 NOTE
r-release-osx-x86_64 0.0.1 NOTE
r-oldrel-windows-ix86+x86_64 0.0.1 25.00 177.00 202.00 NOTE
r-oldrel-osx-x86_64 0.0.1 NOTE

Check Details

Version: 0.0.1
Check: installed package size
Result: NOTE
     installed size is 19.4Mb
     sub-directories of 1Mb or more:
     R 19.3Mb
Flavors: r-devel-linux-x86_64-fedora-clang, r-devel-linux-x86_64-fedora-gcc, r-devel-windows-ix86+x86_64, r-patched-solaris-x86, r-release-windows-ix86+x86_64, r-release-osx-x86_64, r-oldrel-windows-ix86+x86_64, r-oldrel-osx-x86_64

Version: 0.0.1
Check: dependencies in R code
Result: NOTE
    Namespace in Imports field not imported from: ‘base’
     All declared Imports should be used.
Flavors: r-devel-linux-x86_64-fedora-clang, r-devel-linux-x86_64-fedora-gcc, r-patched-solaris-x86, r-release-osx-x86_64, r-oldrel-osx-x86_64