CRAN Package Check Results for Package gwfa

Last updated on 2018-04-29 01:46:51 CEST.

Flavor Version Tinstall Tcheck Ttotal Status Flags
r-devel-linux-x86_64-debian-clang 0.0.4 17.12 32.33 49.45 NOTE
r-devel-linux-x86_64-debian-gcc 0.0.4 13.54 28.46 42.00 NOTE
r-devel-linux-x86_64-fedora-clang 0.0.4 60.53 NOTE
r-devel-linux-x86_64-fedora-gcc 0.0.4 58.85 NOTE
r-devel-windows-ix86+x86_64 0.0.4 45.00 83.00 128.00 OK
r-patched-linux-x86_64 0.0.4 18.26 31.41 49.67 NOTE
r-patched-solaris-x86 0.0.4 76.40 OK
r-release-linux-x86_64 0.0.4 15.44 30.80 46.24 NOTE
r-release-windows-ix86+x86_64 0.0.4 45.00 83.00 128.00 OK
r-release-osx-x86_64 0.0.4 OK
r-oldrel-windows-ix86+x86_64 0.0.4 30.00 84.00 114.00 OK
r-oldrel-osx-x86_64 0.0.4 NOTE

Check Details

Version: 0.0.4
Check: compiled code
Result: NOTE
    File ‘gwfa/libs/gwfa.so’:
     Found no calls to: ‘R_registerRoutines’, ‘R_useDynamicSymbols’
    
    It is good practice to register native routines and to disable symbol
    search.
    
    See ‘Writing portable packages’ in the ‘Writing R Extensions’ manual.
Flavors: r-devel-linux-x86_64-debian-clang, r-devel-linux-x86_64-debian-gcc, r-devel-linux-x86_64-fedora-clang, r-devel-linux-x86_64-fedora-gcc, r-patched-linux-x86_64, r-release-linux-x86_64

Version: 0.0.4
Check: package dependencies
Result: NOTE
    Packages suggested but not available for checking: ‘rgdal’ ‘rgeos’
Flavor: r-oldrel-osx-x86_64