Last updated on 2018-04-29 01:46:52 CEST.
Flavor | Version | Tinstall | Tcheck | Ttotal | Status | Flags |
---|---|---|---|---|---|---|
r-devel-linux-x86_64-debian-clang | 2.2.6 | 1.41 | 23.81 | 25.22 | NOTE | |
r-devel-linux-x86_64-debian-gcc | 2.2.6 | 1.27 | 20.47 | 21.74 | NOTE | |
r-devel-linux-x86_64-fedora-clang | 2.2.6 | 30.05 | NOTE | |||
r-devel-linux-x86_64-fedora-gcc | 2.2.6 | 28.84 | NOTE | |||
r-devel-windows-ix86+x86_64 | 2.2.6 | 7.00 | 48.00 | 55.00 | NOTE | |
r-patched-linux-x86_64 | 2.2.6 | 1.65 | 24.13 | 25.78 | NOTE | |
r-patched-solaris-x86 | 2.2.6 | 47.50 | NOTE | |||
r-release-linux-x86_64 | 2.2.6 | 1.65 | 23.22 | 24.87 | NOTE | |
r-release-windows-ix86+x86_64 | 2.2.6 | 7.00 | 48.00 | 55.00 | NOTE | |
r-release-osx-x86_64 | 2.2.6 | NOTE | ||||
r-oldrel-windows-ix86+x86_64 | 2.2.6 | 3.00 | 51.00 | 54.00 | NOTE | |
r-oldrel-osx-x86_64 | 2.2.6 | NOTE |
Version: 2.2.6
Check: top-level files
Result: NOTE
File
LICENSE
is not mentioned in the DESCRIPTION file.
Non-standard file/directory found at top level:
‘dev’
Flavors: r-devel-linux-x86_64-debian-clang, r-devel-linux-x86_64-debian-gcc, r-devel-linux-x86_64-fedora-clang, r-devel-linux-x86_64-fedora-gcc, r-patched-linux-x86_64, r-release-linux-x86_64
Version: 2.2.6
Check: dependencies in R code
Result: NOTE
Package in Depends field not imported from: ‘methods’
These packages need to be imported from (in the NAMESPACE file)
for when this namespace is loaded but not attached.
Flavors: r-devel-linux-x86_64-debian-clang, r-devel-linux-x86_64-debian-gcc, r-devel-linux-x86_64-fedora-clang, r-devel-linux-x86_64-fedora-gcc, r-devel-windows-ix86+x86_64, r-patched-linux-x86_64, r-patched-solaris-x86, r-release-linux-x86_64, r-release-windows-ix86+x86_64, r-release-osx-x86_64, r-oldrel-windows-ix86+x86_64, r-oldrel-osx-x86_64
Version: 2.2.6
Check: S3 generic/method consistency
Result: NOTE
Found the following apparent S3 methods exported but not registered:
as.list.hash names.hash
See section ‘Registering S3 methods’ in the ‘Writing R Extensions’
manual.
Flavors: r-devel-linux-x86_64-debian-clang, r-devel-linux-x86_64-debian-gcc, r-devel-linux-x86_64-fedora-clang, r-devel-linux-x86_64-fedora-gcc, r-patched-linux-x86_64, r-patched-solaris-x86, r-release-linux-x86_64
Version: 2.2.6
Check: R code for possible problems
Result: NOTE
hash: no visible global function definition for ‘new’
is.hash: no visible global function definition for ‘is’
Undefined global functions or variables:
is new
Consider adding
importFrom("methods", "is", "new")
to your NAMESPACE file (and ensure that your DESCRIPTION Imports field
contains 'methods').
Flavors: r-devel-linux-x86_64-debian-clang, r-devel-linux-x86_64-debian-gcc, r-devel-linux-x86_64-fedora-clang, r-devel-linux-x86_64-fedora-gcc, r-devel-windows-ix86+x86_64, r-patched-linux-x86_64, r-patched-solaris-x86, r-release-linux-x86_64, r-release-windows-ix86+x86_64, r-release-osx-x86_64, r-oldrel-windows-ix86+x86_64, r-oldrel-osx-x86_64
Version: 2.2.6
Check: top-level files
Result: NOTE
File
LICENSE
is not mentioned in the DESCRIPTION file.
Flavors: r-devel-windows-ix86+x86_64, r-patched-solaris-x86, r-release-windows-ix86+x86_64, r-release-osx-x86_64, r-oldrel-windows-ix86+x86_64, r-oldrel-osx-x86_64