Last updated on 2018-04-29 01:46:52 CEST.
Flavor | Version | Tinstall | Tcheck | Ttotal | Status | Flags |
---|---|---|---|---|---|---|
r-devel-linux-x86_64-debian-clang | 0.4.0 | 18.81 | 78.89 | 97.70 | NOTE | |
r-devel-linux-x86_64-debian-gcc | 0.4.0 | 16.72 | 73.27 | 89.99 | NOTE | |
r-devel-linux-x86_64-fedora-clang | 0.4.0 | 120.42 | NOTE | |||
r-devel-linux-x86_64-fedora-gcc | 0.4.0 | 116.13 | NOTE | |||
r-devel-windows-ix86+x86_64 | 0.4.0 | 52.00 | 170.00 | 222.00 | OK | |
r-patched-linux-x86_64 | 0.4.0 | 18.97 | 77.73 | 96.70 | NOTE | |
r-patched-solaris-x86 | 0.4.0 | 158.10 | OK | |||
r-release-linux-x86_64 | 0.4.0 | 23.48 | 77.77 | 101.25 | NOTE | |
r-release-windows-ix86+x86_64 | 0.4.0 | 52.00 | 170.00 | 222.00 | OK | |
r-release-osx-x86_64 | 0.4.0 | OK | ||||
r-oldrel-windows-ix86+x86_64 | 0.4.0 | 36.00 | 174.00 | 210.00 | OK | |
r-oldrel-osx-x86_64 | 0.4.0 | OK |
Version: 0.4.0
Check: compiled code
Result: NOTE
File ‘hit/libs/hit.so’:
Found no calls to: ‘R_registerRoutines’, ‘R_useDynamicSymbols’
It is good practice to register native routines and to disable symbol
search.
See ‘Writing portable packages’ in the ‘Writing R Extensions’ manual.
Flavors: r-devel-linux-x86_64-debian-clang, r-devel-linux-x86_64-debian-gcc, r-devel-linux-x86_64-fedora-clang, r-devel-linux-x86_64-fedora-gcc, r-patched-linux-x86_64, r-release-linux-x86_64