Last updated on 2018-04-29 01:46:52 CEST.
Flavor | Version | Tinstall | Tcheck | Ttotal | Status | Flags |
---|---|---|---|---|---|---|
r-devel-linux-x86_64-debian-clang | 1.0.0 | 5.71 | 91.45 | 97.16 | OK | |
r-devel-linux-x86_64-debian-gcc | 1.0.0 | 7.13 | 85.43 | 92.56 | OK | |
r-devel-linux-x86_64-fedora-clang | 1.0.0 | 116.96 | NOTE | |||
r-devel-linux-x86_64-fedora-gcc | 1.0.0 | 114.91 | NOTE | |||
r-devel-windows-ix86+x86_64 | 1.0.0 | 15.00 | 132.00 | 147.00 | OK | |
r-patched-linux-x86_64 | 1.0.0 | 7.49 | 89.45 | 96.94 | OK | |
r-patched-solaris-x86 | 1.0.0 | 180.20 | NOTE | |||
r-release-linux-x86_64 | 1.0.0 | 5.75 | 90.02 | 95.77 | OK | |
r-release-windows-ix86+x86_64 | 1.0.0 | 15.00 | 132.00 | 147.00 | OK | |
r-release-osx-x86_64 | 1.0.0 | NOTE | ||||
r-oldrel-windows-ix86+x86_64 | 1.0.0 | 11.00 | 136.00 | 147.00 | OK | |
r-oldrel-osx-x86_64 | 1.0.0 | NOTE |
Version: 1.0.0
Check: dependencies in R code
Result: NOTE
Namespaces in Imports field not imported from:
‘MASS’ ‘Rdpack’
All declared Imports should be used.
Flavors: r-devel-linux-x86_64-fedora-clang, r-devel-linux-x86_64-fedora-gcc, r-patched-solaris-x86, r-release-osx-x86_64, r-oldrel-osx-x86_64