Last updated on 2018-04-29 01:46:52 CEST.
Flavor | Version | Tinstall | Tcheck | Ttotal | Status | Flags |
---|---|---|---|---|---|---|
r-devel-linux-x86_64-debian-clang | 0.0.10 | 0.63 | 15.58 | 16.21 | NOTE | |
r-devel-linux-x86_64-debian-gcc | 0.0.10 | 0.77 | 13.39 | 14.16 | NOTE | |
r-devel-linux-x86_64-fedora-clang | 0.0.10 | 19.57 | NOTE | |||
r-devel-linux-x86_64-fedora-gcc | 0.0.10 | 18.47 | NOTE | |||
r-devel-windows-ix86+x86_64 | 0.0.10 | 3.00 | 27.00 | 30.00 | NOTE | |
r-patched-linux-x86_64 | 0.0.10 | 0.72 | 15.44 | 16.16 | NOTE | |
r-patched-solaris-x86 | 0.0.10 | 31.90 | NOTE | |||
r-release-linux-x86_64 | 0.0.10 | 0.94 | 15.48 | 16.42 | NOTE | |
r-release-windows-ix86+x86_64 | 0.0.10 | 3.00 | 27.00 | 30.00 | NOTE | |
r-release-osx-x86_64 | 0.0.10 | NOTE | ||||
r-oldrel-windows-ix86+x86_64 | 0.0.10 | 2.00 | 25.00 | 27.00 | NOTE | |
r-oldrel-osx-x86_64 | 0.0.10 | NOTE |
Version: 0.0.10
Check: R code for possible problems
Result: NOTE
getToHost: no visible global function definition for ‘make.socket’
getToHost: no visible global function definition for ‘write.socket’
getToHost: no visible global function definition for ‘read.socket’
getToHost: no visible global function definition for ‘close.socket’
postToHost: no visible global function definition for ‘runif’
simplePostToHost: no visible global function definition for
‘make.socket’
simplePostToHost: no visible global function definition for
‘write.socket’
simplePostToHost: no visible global function definition for
‘read.socket’
simplePostToHost: no visible global function definition for
‘close.socket’
Undefined global functions or variables:
close.socket make.socket read.socket runif write.socket
Consider adding
importFrom("stats", "runif")
importFrom("utils", "close.socket", "make.socket", "read.socket",
"write.socket")
to your NAMESPACE file.
Flavors: r-devel-linux-x86_64-debian-clang, r-devel-linux-x86_64-debian-gcc, r-devel-linux-x86_64-fedora-clang, r-devel-linux-x86_64-fedora-gcc, r-devel-windows-ix86+x86_64, r-patched-linux-x86_64, r-patched-solaris-x86, r-release-linux-x86_64, r-release-windows-ix86+x86_64, r-release-osx-x86_64, r-oldrel-windows-ix86+x86_64, r-oldrel-osx-x86_64