CRAN Package Check Results for Package hunspell

Last updated on 2018-04-29 01:46:52 CEST.

Flavor Version Tinstall Tcheck Ttotal Status Flags
r-devel-linux-x86_64-debian-clang 2.9 50.96 37.24 88.20 OK
r-devel-linux-x86_64-debian-gcc 2.9 42.88 37.75 80.63 OK
r-devel-linux-x86_64-fedora-clang 2.9 137.23 NOTE
r-devel-linux-x86_64-fedora-gcc 2.9 127.78 NOTE
r-devel-windows-ix86+x86_64 2.9 173.00 146.00 319.00 OK
r-patched-linux-x86_64 2.9 55.49 44.31 99.80 OK
r-patched-solaris-x86 2.9 144.40 WARN
r-release-linux-x86_64 2.9 54.04 43.93 97.97 OK
r-release-windows-ix86+x86_64 2.9 173.00 146.00 319.00 OK
r-release-osx-x86_64 2.9 WARN
r-oldrel-windows-ix86+x86_64 2.9 128.00 174.00 302.00 OK
r-oldrel-osx-x86_64 2.9 WARN

Check Details

Version: 2.9
Check: installed package size
Result: NOTE
     installed size is 6.9Mb
     sub-directories of 1Mb or more:
     dict 1.3Mb
     libs 4.6Mb
Flavors: r-devel-linux-x86_64-fedora-clang, r-devel-linux-x86_64-fedora-gcc, r-release-osx-x86_64, r-oldrel-osx-x86_64

Version: 2.9
Check: re-building of vignette outputs
Result: WARN
    Error in re-building vignettes:
     ...
    Warning in engine$weave(file, quiet = quiet, encoding = enc) :
     Pandoc (>= 1.12.3) and/or pandoc-citeproc not available. Falling back to R Markdown v1.
    trying URL 'https://arxiv.org/e-print/1406.4806v1'
    Content type 'application/x-eprint-tar' length 29273 bytes (28 KB)
    ==================================================
    downloaded 28 KB
    
    Quitting from lines 162-165 (intro.Rmd)
    Error: processing vignette 'intro.Rmd' failed with diagnostics:
    there is no package called 'webshot'
    Execution halted
Flavor: r-patched-solaris-x86

Version: 2.9
Check: re-building of vignette outputs
Result: WARN
    Error in re-building vignettes:
     ...
    Warning in engine$weave(file, quiet = quiet, encoding = enc) :
     Pandoc (>= 1.12.3) and/or pandoc-citeproc not available. Falling back to R Markdown v1.
    trying URL 'https://arxiv.org/e-print/1406.4806v1'
    Content type 'application/x-eprint-tar' length 29273 bytes (28 KB)
    ==================================================
    downloaded 28 KB
    
    Quitting from lines 162-165 (intro.Rmd)
    Error: processing vignette 'intro.Rmd' failed with diagnostics:
    cannot open the connection
    Execution halted
Flavors: r-release-osx-x86_64, r-oldrel-osx-x86_64