Last updated on 2018-04-29 01:46:52 CEST.
Flavor | Version | Tinstall | Tcheck | Ttotal | Status | Flags |
---|---|---|---|---|---|---|
r-devel-linux-x86_64-debian-clang | 0.0.1 | 3.09 | 35.76 | 38.85 | NOTE | |
r-devel-linux-x86_64-debian-gcc | 0.0.1 | 2.00 | 31.45 | 33.45 | NOTE | |
r-devel-linux-x86_64-fedora-clang | 0.0.1 | 46.22 | NOTE | |||
r-devel-linux-x86_64-fedora-gcc | 0.0.1 | 42.93 | NOTE | |||
r-devel-windows-ix86+x86_64 | 0.0.1 | 11.00 | 65.00 | 76.00 | NOTE | |
r-patched-linux-x86_64 | 0.0.1 | 3.46 | 35.28 | 38.74 | NOTE | |
r-patched-solaris-x86 | 0.0.1 | 69.20 | NOTE | |||
r-release-linux-x86_64 | 0.0.1 | 3.01 | 35.49 | 38.50 | NOTE | |
r-release-windows-ix86+x86_64 | 0.0.1 | 11.00 | 65.00 | 76.00 | NOTE | |
r-release-osx-x86_64 | 0.0.1 | NOTE | ||||
r-oldrel-windows-ix86+x86_64 | 0.0.1 | 7.00 | 59.00 | 66.00 | NOTE | |
r-oldrel-osx-x86_64 | 0.0.1 | NOTE |
Version: 0.0.1
Check: package dependencies
Result: NOTE
Package suggested but not available for checking: ‘hurricaneexposuredata’
Flavors: r-devel-linux-x86_64-debian-clang, r-devel-linux-x86_64-debian-gcc, r-devel-linux-x86_64-fedora-clang, r-devel-linux-x86_64-fedora-gcc, r-devel-windows-ix86+x86_64, r-patched-linux-x86_64, r-patched-solaris-x86, r-release-linux-x86_64, r-release-windows-ix86+x86_64, r-release-osx-x86_64, r-oldrel-windows-ix86+x86_64, r-oldrel-osx-x86_64