CRAN Package Check Results for Package huxtable

Last updated on 2018-04-29 01:46:52 CEST.

Flavor Version Tinstall Tcheck Ttotal Status Flags
r-devel-linux-x86_64-debian-clang 3.0.0 5.70 91.04 96.74 OK
r-devel-linux-x86_64-debian-gcc 3.0.0 5.48 74.35 79.83 OK
r-devel-linux-x86_64-fedora-clang 3.0.0 119.48 OK
r-devel-linux-x86_64-fedora-gcc 3.0.0 115.69 OK
r-devel-windows-ix86+x86_64 3.0.0 20.00 148.00 168.00 OK
r-patched-linux-x86_64 3.0.0 7.57 65.53 73.10 ERROR
r-patched-solaris-x86 3.0.0 132.40 OK
r-release-linux-x86_64 3.0.0 7.08 66.75 73.83 ERROR
r-release-windows-ix86+x86_64 3.0.0 20.00 148.00 168.00 OK
r-release-osx-x86_64 3.0.0 OK
r-oldrel-windows-ix86+x86_64 3.0.0 9.00 132.00 141.00 OK
r-oldrel-osx-x86_64 3.0.0 OK

Check Details

Version: 3.0.0
Check: examples
Result: ERROR
    Running examples in ‘huxtable-Ex.R’ failed
    The error most likely occurred in:
    
    > base::assign(".ptime", proc.time(), pos = "CheckExEnv")
    > ### Name: align
    > ### Title: Alignment
    > ### Aliases: align align<- set_align align.huxtable align<-.huxtable
    >
    > ### ** Examples
    >
    >
    > ht <- huxtable(a = 1:3, b = 1:3)
    > align(ht) <- 'right'
    Error in UseMethod("align<-") :
     no applicable method for 'align<-' applied to an object of class "c('huxtable', 'data.frame')"
    Calls: align<-
    Execution halted
Flavors: r-patched-linux-x86_64, r-release-linux-x86_64

Version: 3.0.0
Check: re-building of vignette outputs
Result: WARN
    Error in re-building vignettes:
     ...
    Quitting from lines 52-104 (design-principles.Rmd)
    Error: processing vignette ‘design-principles.Rmd’ failed with diagnostics:
    no applicable method for ‘bold’ applied to an object of class "c('huxtable', 'data.frame')"
    Execution halted
Flavors: r-patched-linux-x86_64, r-release-linux-x86_64