Last updated on 2018-04-29 01:46:53 CEST.
Flavor | Version | Tinstall | Tcheck | Ttotal | Status | Flags |
---|---|---|---|---|---|---|
r-devel-linux-x86_64-debian-clang | 1.1-1 | 3.01 | 21.80 | 24.81 | NOTE | |
r-devel-linux-x86_64-debian-gcc | 1.1-1 | 2.40 | 18.13 | 20.53 | NOTE | |
r-devel-linux-x86_64-fedora-clang | 1.1-1 | 29.60 | NOTE | |||
r-devel-linux-x86_64-fedora-gcc | 1.1-1 | 28.14 | NOTE | |||
r-devel-windows-ix86+x86_64 | 1.1-1 | 17.00 | 42.00 | 59.00 | OK | |
r-patched-linux-x86_64 | 1.1-1 | 2.52 | 21.42 | 23.94 | NOTE | |
r-patched-solaris-x86 | 1.1-1 | 48.10 | OK | |||
r-release-linux-x86_64 | 1.1-1 | 2.82 | 21.48 | 24.30 | NOTE | |
r-release-windows-ix86+x86_64 | 1.1-1 | 17.00 | 42.00 | 59.00 | OK | |
r-release-osx-x86_64 | 1.1-1 | OK | ||||
r-oldrel-windows-ix86+x86_64 | 1.1-1 | 8.00 | 55.00 | 63.00 | OK | |
r-oldrel-osx-x86_64 | 1.1-1 | OK |
Version: 1.1-1
Check: compiled code
Result: NOTE
File ‘iRafNet/libs/iRafNet.so’:
Found no calls to: ‘R_registerRoutines’, ‘R_useDynamicSymbols’
It is good practice to register native routines and to disable symbol
search.
See ‘Writing portable packages’ in the ‘Writing R Extensions’ manual.
Flavors: r-devel-linux-x86_64-debian-clang, r-devel-linux-x86_64-debian-gcc, r-devel-linux-x86_64-fedora-clang, r-devel-linux-x86_64-fedora-gcc, r-patched-linux-x86_64, r-release-linux-x86_64