CRAN Package Check Results for Package icd

Last updated on 2018-04-29 01:46:52 CEST.

Flavor Version Tinstall Tcheck Ttotal Status Flags
r-devel-linux-x86_64-debian-clang 2.4.1 178.75 156.80 335.55 OK
r-devel-linux-x86_64-debian-gcc 2.4.1 143.70 144.11 287.81 OK
r-devel-linux-x86_64-fedora-clang 2.4.1 462.49 NOTE
r-devel-linux-x86_64-fedora-gcc 2.4.1 433.48 NOTE
r-devel-windows-ix86+x86_64 2.4.1 473.00 403.00 876.00 NOTE
r-patched-linux-x86_64 2.4.1 183.64 158.56 342.20 OK
r-patched-solaris-x86 2.4.1 179.00 ERROR
r-release-linux-x86_64 2.4.1 189.38 156.09 345.47 OK
r-release-windows-ix86+x86_64 2.4.1 473.00 403.00 876.00 NOTE
r-release-osx-x86_64 2.4.1 NOTE
r-oldrel-windows-ix86+x86_64 2.4.1 329.00 434.00 763.00 NOTE
r-oldrel-osx-x86_64 2.4.1 NOTE

Check Details

Version: 2.4.1
Check: installed package size
Result: NOTE
     installed size is 17.1Mb
     sub-directories of 1Mb or more:
     R 1.5Mb
     data 1.3Mb
     doc 3.2Mb
     libs 10.6Mb
Flavors: r-devel-linux-x86_64-fedora-clang, r-devel-linux-x86_64-fedora-gcc, r-devel-windows-ix86+x86_64, r-release-windows-ix86+x86_64, r-release-osx-x86_64, r-oldrel-windows-ix86+x86_64, r-oldrel-osx-x86_64

Version: 2.4.1
Check: data for non-ASCII characters
Result: NOTE
     Note: found 55 marked UTF-8 strings
Flavors: r-devel-linux-x86_64-fedora-clang, r-devel-linux-x86_64-fedora-gcc, r-release-osx-x86_64, r-oldrel-osx-x86_64

Version: 2.4.1
Check: whether package can be installed
Result: ERROR
    Installation failed.
Flavor: r-patched-solaris-x86