CRAN Package Check Results for Package icensBKL

Last updated on 2018-04-29 01:46:52 CEST.

Flavor Version Tinstall Tcheck Ttotal Status Flags
r-devel-linux-x86_64-debian-clang 1.1 5.46 60.22 65.68 OK
r-devel-linux-x86_64-debian-gcc 1.1 5.36 54.27 59.63 OK
r-devel-linux-x86_64-fedora-clang 1.1 80.39 OK
r-devel-linux-x86_64-fedora-gcc 1.1 77.33 OK
r-devel-windows-ix86+x86_64 1.1 15.00 97.00 112.00 OK
r-patched-linux-x86_64 1.1 5.21 59.18 64.39 OK
r-patched-solaris-x86 1.1 118.80 OK
r-release-linux-x86_64 1.1 6.13 59.24 65.37 OK
r-release-windows-ix86+x86_64 1.1 15.00 97.00 112.00 OK
r-release-osx-x86_64 1.1 NOTE
r-oldrel-windows-ix86+x86_64 1.1 9.00 95.00 104.00 OK
r-oldrel-osx-x86_64 1.1 NOTE

Check Details

Version: 1.1
Check: package dependencies
Result: NOTE
    Package suggested but not available for checking: ‘mixAK’
Flavors: r-release-osx-x86_64, r-oldrel-osx-x86_64