Last updated on 2018-04-29 01:46:53 CEST.
Flavor | Version | Tinstall | Tcheck | Ttotal | Status | Flags |
---|---|---|---|---|---|---|
r-devel-linux-x86_64-debian-clang | 1.0 | 0.87 | 17.18 | 18.05 | NOTE | |
r-devel-linux-x86_64-debian-gcc | 1.0 | 0.94 | 14.31 | 15.25 | NOTE | |
r-devel-linux-x86_64-fedora-clang | 1.0 | 21.94 | NOTE | |||
r-devel-linux-x86_64-fedora-gcc | 1.0 | 20.93 | NOTE | |||
r-devel-windows-ix86+x86_64 | 1.0 | 4.00 | 29.00 | 33.00 | NOTE | |
r-patched-linux-x86_64 | 1.0 | 1.04 | 16.86 | 17.90 | NOTE | |
r-patched-solaris-x86 | 1.0 | 33.10 | NOTE | |||
r-release-linux-x86_64 | 1.0 | 1.37 | 17.02 | 18.39 | NOTE | |
r-release-windows-ix86+x86_64 | 1.0 | 4.00 | 29.00 | 33.00 | NOTE | |
r-release-osx-x86_64 | 1.0 | NOTE | ||||
r-oldrel-windows-ix86+x86_64 | 1.0 | 2.00 | 26.00 | 28.00 | NOTE | |
r-oldrel-osx-x86_64 | 1.0 | NOTE |
Version: 1.0
Check: DESCRIPTION meta-information
Result: NOTE
Malformed Description field: should contain one or more complete sentences.
Flavors: r-devel-linux-x86_64-debian-clang, r-devel-linux-x86_64-debian-gcc, r-devel-linux-x86_64-fedora-clang, r-devel-linux-x86_64-fedora-gcc, r-devel-windows-ix86+x86_64, r-patched-linux-x86_64, r-patched-solaris-x86, r-release-linux-x86_64, r-release-windows-ix86+x86_64, r-release-osx-x86_64, r-oldrel-windows-ix86+x86_64, r-oldrel-osx-x86_64
Version: 1.0
Check: R code for possible problems
Result: NOTE
NB: .First.lib is obsolete and will not be used in R >= 3.0.0
idbg.interact: no visible global function definition for
‘capture.output’
idbg.interact: no visible global function definition for ‘timestamp’
idbg.print_breakpoints: no visible global function definition for
‘capture.output’
Undefined global functions or variables:
capture.output timestamp
Consider adding
importFrom("utils", "capture.output", "timestamp")
to your NAMESPACE file.
Flavors: r-devel-linux-x86_64-debian-clang, r-devel-linux-x86_64-debian-gcc, r-devel-linux-x86_64-fedora-clang, r-devel-linux-x86_64-fedora-gcc, r-devel-windows-ix86+x86_64, r-patched-linux-x86_64, r-patched-solaris-x86, r-release-linux-x86_64, r-release-windows-ix86+x86_64, r-release-osx-x86_64, r-oldrel-windows-ix86+x86_64, r-oldrel-osx-x86_64