CRAN Package Check Results for Package idealstan

Last updated on 2018-04-29 01:46:53 CEST.

Flavor Version Tinstall Tcheck Ttotal Status Flags
r-devel-linux-x86_64-debian-clang 0.2.7 285.85 712.44 998.29 OK
r-devel-linux-x86_64-debian-gcc 0.2.7 151.37 539.73 691.10 OK
r-devel-linux-x86_64-fedora-clang 0.2.7 1150.59 NOTE
r-devel-linux-x86_64-fedora-gcc 0.2.7 1029.32 NOTE
r-devel-windows-ix86+x86_64 0.2.7 353.00 756.00 1109.00 NOTE
r-patched-linux-x86_64 0.2.7 170.27 699.55 869.82 OK
r-patched-solaris-x86 0.2.7 1640.70 NOTE
r-release-linux-x86_64 0.2.7 149.05 657.54 806.59 OK
r-release-windows-ix86+x86_64 0.2.7 353.00 756.00 1109.00 NOTE
r-release-osx-x86_64 0.2.7 WARN
r-oldrel-windows-ix86+x86_64 0.2.7 285.00 680.00 965.00 NOTE
r-oldrel-osx-x86_64 0.2.7 WARN

Additional issues

clang-UBSAN

Check Details

Version: 0.2.7
Check: installed package size
Result: NOTE
     installed size is 39.8Mb
     sub-directories of 1Mb or more:
     data 3.5Mb
     libs 35.4Mb
Flavors: r-devel-linux-x86_64-fedora-clang, r-devel-linux-x86_64-fedora-gcc, r-devel-windows-ix86+x86_64, r-patched-solaris-x86, r-release-windows-ix86+x86_64, r-release-osx-x86_64, r-oldrel-windows-ix86+x86_64, r-oldrel-osx-x86_64

Version: 0.2.7
Check: re-building of vignette outputs
Result: WARN
    Error in re-building vignettes:
     ...
    Warning in engine$weave(file, quiet = quiet, encoding = enc) :
     Pandoc (>= 1.12.3) and/or pandoc-citeproc not available. Falling back to R Markdown v1.
    Warning in engine$weave(file, quiet = quiet, encoding = enc) :
     Pandoc (>= 1.12.3) and/or pandoc-citeproc not available. Falling back to R Markdown v1.
    Warning in .local(object, ...) :
     some chains had errors; consider specifying chains = 1 to debug
    Quitting from lines 72-73 (Package_Introduction.Rmd)
    Error: processing vignette 'Package_Introduction.Rmd' failed with diagnostics:
    object 'all_resid' not found
    Execution halted
Flavors: r-release-osx-x86_64, r-oldrel-osx-x86_64