Last updated on 2018-04-29 01:46:53 CEST.
Flavor | Version | Tinstall | Tcheck | Ttotal | Status | Flags |
---|---|---|---|---|---|---|
r-devel-linux-x86_64-debian-clang | 1.1.0 | 2.28 | 33.27 | 35.55 | OK | |
r-devel-linux-x86_64-debian-gcc | 1.1.0 | 1.69 | 27.13 | 28.82 | OK | |
r-devel-linux-x86_64-fedora-clang | 1.1.0 | 42.89 | NOTE | |||
r-devel-linux-x86_64-fedora-gcc | 1.1.0 | 40.65 | NOTE | |||
r-devel-windows-ix86+x86_64 | 1.1.0 | 4.00 | 64.00 | 68.00 | OK | |
r-patched-linux-x86_64 | 1.1.0 | 2.07 | 32.33 | 34.40 | OK | |
r-patched-solaris-x86 | 1.1.0 | 64.00 | NOTE | |||
r-release-linux-x86_64 | 1.1.0 | 1.89 | 33.02 | 34.91 | OK | |
r-release-windows-ix86+x86_64 | 1.1.0 | 4.00 | 64.00 | 68.00 | OK | |
r-release-osx-x86_64 | 1.1.0 | NOTE | ||||
r-oldrel-windows-ix86+x86_64 | 1.1.0 | 3.00 | 73.00 | 76.00 | OK | |
r-oldrel-osx-x86_64 | 1.1.0 | NOTE |
Version: 1.1.0
Check: dependencies in R code
Result: NOTE
Namespaces in Imports field not imported from:
‘dplyr’ ‘rgeos’
All declared Imports should be used.
Flavors: r-devel-linux-x86_64-fedora-clang, r-devel-linux-x86_64-fedora-gcc, r-patched-solaris-x86, r-release-osx-x86_64, r-oldrel-osx-x86_64