Last updated on 2018-04-29 01:46:53 CEST.
Flavor | Version | Tinstall | Tcheck | Ttotal | Status | Flags |
---|---|---|---|---|---|---|
r-devel-linux-x86_64-debian-clang | 2.1.3 | 7.32 | 74.75 | 82.07 | NOTE | |
r-devel-linux-x86_64-debian-gcc | 2.1.3 | 6.48 | 64.27 | 70.75 | NOTE | |
r-devel-linux-x86_64-fedora-clang | 2.1.3 | 99.65 | OK | |||
r-devel-linux-x86_64-fedora-gcc | 2.1.3 | 96.07 | OK | |||
r-devel-windows-ix86+x86_64 | 2.1.3 | 15.00 | 117.00 | 132.00 | OK | |
r-patched-linux-x86_64 | 2.1.3 | 9.02 | 74.72 | 83.74 | NOTE | |
r-patched-solaris-x86 | 2.1.3 | 138.70 | NOTE | |||
r-release-linux-x86_64 | 2.1.3 | 8.36 | 75.63 | 83.99 | NOTE | |
r-release-windows-ix86+x86_64 | 2.1.3 | 15.00 | 117.00 | 132.00 | OK | |
r-release-osx-x86_64 | 2.1.3 | NOTE | ||||
r-oldrel-windows-ix86+x86_64 | 2.1.3 | 7.00 | 92.00 | 99.00 | OK | |
r-oldrel-osx-x86_64 | 2.1.3 | NOTE |
Version: 2.1.3
Check: package dependencies
Result: NOTE
Package suggested but not available for checking: ‘INLA’
Flavors: r-devel-linux-x86_64-debian-clang, r-devel-linux-x86_64-debian-gcc, r-patched-linux-x86_64, r-patched-solaris-x86, r-release-linux-x86_64, r-release-osx-x86_64, r-oldrel-osx-x86_64
Version: 2.1.3
Check: Rd cross-references
Result: NOTE
Package unavailable to check Rd xrefs: ‘INLA’
Flavors: r-devel-linux-x86_64-debian-clang, r-devel-linux-x86_64-debian-gcc, r-patched-linux-x86_64, r-patched-solaris-x86, r-release-linux-x86_64, r-release-osx-x86_64, r-oldrel-osx-x86_64