Last updated on 2018-04-29 01:46:53 CEST.
Flavor | Version | Tinstall | Tcheck | Ttotal | Status | Flags |
---|---|---|---|---|---|---|
r-devel-linux-x86_64-debian-clang | 1.4-1 | 8.81 | 130.39 | 139.20 | OK | |
r-devel-linux-x86_64-debian-gcc | 1.4-1 | 7.76 | 114.15 | 121.91 | OK | |
r-devel-linux-x86_64-fedora-clang | 1.4-1 | 171.18 | OK | |||
r-devel-linux-x86_64-fedora-gcc | 1.4-1 | 168.06 | OK | |||
r-devel-windows-ix86+x86_64 | 1.4-1 | 20.00 | 186.00 | 206.00 | OK | |
r-patched-linux-x86_64 | 1.4-1 | 8.13 | 127.85 | 135.98 | OK | |
r-patched-solaris-x86 | 1.4-1 | 254.70 | OK | |||
r-release-linux-x86_64 | 1.4-1 | 8.93 | 128.43 | 137.36 | OK | |
r-release-windows-ix86+x86_64 | 1.4-1 | 20.00 | 186.00 | 206.00 | OK | |
r-release-osx-x86_64 | 1.4-1 | OK | ||||
r-oldrel-windows-ix86+x86_64 | 1.4-1 | 7.00 | 157.00 | 164.00 | OK | |
r-oldrel-osx-x86_64 | 1.4-1 | NOTE |
Version: 1.4-1
Check: package dependencies
Result: NOTE
Package which this enhances but not available for checking: ‘psgp’
Flavor: r-oldrel-osx-x86_64