Last updated on 2018-04-29 01:46:53 CEST.
Flavor | Version | Tinstall | Tcheck | Ttotal | Status | Flags |
---|---|---|---|---|---|---|
r-devel-linux-x86_64-debian-clang | 0.1.1 | 0.83 | 17.03 | 17.86 | OK | |
r-devel-linux-x86_64-debian-gcc | 0.1.1 | 0.65 | 14.47 | 15.12 | OK | |
r-devel-linux-x86_64-fedora-clang | 0.1.1 | 21.32 | NOTE | |||
r-devel-linux-x86_64-fedora-gcc | 0.1.1 | 20.24 | NOTE | |||
r-devel-windows-ix86+x86_64 | 0.1.1 | 3.00 | 41.00 | 44.00 | OK | |
r-patched-linux-x86_64 | 0.1.1 | 0.81 | 16.77 | 17.58 | OK | |
r-patched-solaris-x86 | 0.1.1 | 34.40 | NOTE | |||
r-release-linux-x86_64 | 0.1.1 | 0.59 | 16.85 | 17.44 | OK | |
r-release-windows-ix86+x86_64 | 0.1.1 | 3.00 | 41.00 | 44.00 | OK | |
r-release-osx-x86_64 | 0.1.1 | NOTE | ||||
r-oldrel-windows-ix86+x86_64 | 0.1.1 | 2.00 | 47.00 | 49.00 | OK | |
r-oldrel-osx-x86_64 | 0.1.1 | NOTE |
Version: 0.1.1
Check: dependencies in R code
Result: NOTE
Namespaces in Imports field not imported from:
‘curl’ ‘lubridate’ ‘xml2’
All declared Imports should be used.
Flavors: r-devel-linux-x86_64-fedora-clang, r-devel-linux-x86_64-fedora-gcc, r-patched-solaris-x86, r-release-osx-x86_64, r-oldrel-osx-x86_64