CRAN Package Check Results for Package ivfixed

Last updated on 2018-04-29 01:46:53 CEST.

Flavor Version Tinstall Tcheck Ttotal Status Flags
r-devel-linux-x86_64-debian-clang 1.0 0.60 15.83 16.43 NOTE
r-devel-linux-x86_64-debian-gcc 1.0 0.61 13.58 14.19 NOTE
r-devel-linux-x86_64-fedora-clang 1.0 20.08 NOTE
r-devel-linux-x86_64-fedora-gcc 1.0 18.90 NOTE
r-devel-windows-ix86+x86_64 1.0 5.00 30.00 35.00 NOTE
r-patched-linux-x86_64 1.0 0.81 15.54 16.35 NOTE
r-patched-solaris-x86 1.0 32.50 NOTE
r-release-linux-x86_64 1.0 0.76 15.51 16.27 NOTE
r-release-windows-ix86+x86_64 1.0 5.00 30.00 35.00 NOTE
r-release-osx-x86_64 1.0 NOTE
r-oldrel-windows-ix86+x86_64 1.0 2.00 26.00 28.00 NOTE
r-oldrel-osx-x86_64 1.0 NOTE

Check Details

Version: 1.0
Check: DESCRIPTION meta-information
Result: NOTE
    Malformed Description field: should contain one or more complete sentences.
Flavors: r-devel-linux-x86_64-debian-clang, r-devel-linux-x86_64-debian-gcc, r-devel-linux-x86_64-fedora-clang, r-devel-linux-x86_64-fedora-gcc, r-devel-windows-ix86+x86_64, r-patched-linux-x86_64, r-patched-solaris-x86, r-release-linux-x86_64, r-release-windows-ix86+x86_64, r-release-osx-x86_64, r-oldrel-windows-ix86+x86_64, r-oldrel-osx-x86_64

Version: 1.0
Check: R code for possible problems
Result: NOTE
    ivFixed.formula: no visible global function definition for
     ‘model.matrix’
    ivFixed.formula: no visible global function definition for
     ‘model.response’
    summary.ivFixed: no visible global function definition for ‘coef’
    summary.ivFixed: no visible global function definition for ‘pt’
    Undefined global functions or variables:
     coef model.matrix model.response pt
    Consider adding
     importFrom("stats", "coef", "model.matrix", "model.response", "pt")
    to your NAMESPACE file.
Flavors: r-devel-linux-x86_64-debian-clang, r-devel-linux-x86_64-debian-gcc, r-devel-linux-x86_64-fedora-clang, r-devel-linux-x86_64-fedora-gcc, r-devel-windows-ix86+x86_64, r-patched-linux-x86_64, r-patched-solaris-x86, r-release-linux-x86_64, r-release-windows-ix86+x86_64, r-release-osx-x86_64, r-oldrel-windows-ix86+x86_64, r-oldrel-osx-x86_64