Last updated on 2018-04-29 01:46:54 CEST.
Flavor | Version | Tinstall | Tcheck | Ttotal | Status | Flags |
---|---|---|---|---|---|---|
r-devel-linux-x86_64-debian-clang | 1.1.1 | 0.96 | 22.87 | 23.83 | NOTE | |
r-devel-linux-x86_64-debian-gcc | 1.1.1 | 1.33 | 19.91 | 21.24 | NOTE | |
r-devel-linux-x86_64-fedora-clang | 1.1.1 | 29.10 | NOTE | |||
r-devel-linux-x86_64-fedora-gcc | 1.1.1 | 28.46 | NOTE | |||
r-devel-windows-ix86+x86_64 | 1.1.1 | 5.00 | 51.00 | 56.00 | NOTE | |
r-patched-linux-x86_64 | 1.1.1 | 1.47 | 22.65 | 24.12 | NOTE | |
r-patched-solaris-x86 | 1.1.1 | 47.20 | NOTE | |||
r-release-linux-x86_64 | 1.1.1 | 1.43 | 22.52 | 23.95 | NOTE | |
r-release-windows-ix86+x86_64 | 1.1.1 | 5.00 | 51.00 | 56.00 | NOTE | |
r-release-osx-x86_64 | 1.1.1 | NOTE | ||||
r-oldrel-windows-ix86+x86_64 | 1.1.1 | 4.00 | 49.00 | 53.00 | NOTE | |
r-oldrel-osx-x86_64 | 1.1.1 | NOTE |
Version: 1.1.1
Check: R code for possible problems
Result: NOTE
sonarCSV: no visible global function definition for ‘read.csv’
Undefined global functions or variables:
read.csv
Consider adding
importFrom("utils", "read.csv")
to your NAMESPACE file.
Flavors: r-devel-linux-x86_64-debian-clang, r-devel-linux-x86_64-debian-gcc, r-devel-linux-x86_64-fedora-clang, r-devel-linux-x86_64-fedora-gcc, r-devel-windows-ix86+x86_64, r-patched-linux-x86_64, r-patched-solaris-x86, r-release-linux-x86_64, r-release-windows-ix86+x86_64, r-release-osx-x86_64, r-oldrel-windows-ix86+x86_64, r-oldrel-osx-x86_64