CRAN Package Check Results for Package jmotif

Last updated on 2018-04-29 01:46:53 CEST.

Flavor Version Tinstall Tcheck Ttotal Status Flags
r-devel-linux-x86_64-debian-clang 1.0.3 196.04 28.90 224.94 OK
r-devel-linux-x86_64-debian-gcc 1.0.3 167.26 24.39 191.65 OK
r-devel-linux-x86_64-fedora-clang 1.0.3 339.82 NOTE
r-devel-linux-x86_64-fedora-gcc 1.0.3 328.82 NOTE
r-devel-windows-ix86+x86_64 1.0.3 549.00 98.00 647.00 OK
r-patched-linux-x86_64 1.0.3 209.60 28.57 238.17 OK
r-patched-solaris-x86 1.0.3 290.60 OK
r-release-linux-x86_64 1.0.3 203.68 28.28 231.96 OK
r-release-windows-ix86+x86_64 1.0.3 549.00 98.00 647.00 OK
r-release-osx-x86_64 1.0.3 NOTE
r-oldrel-windows-ix86+x86_64 1.0.3 415.00 86.00 501.00 OK
r-oldrel-osx-x86_64 1.0.3 NOTE

Check Details

Version: 1.0.3
Check: installed package size
Result: NOTE
     installed size is 7.8Mb
     sub-directories of 1Mb or more:
     data 1.1Mb
     libs 6.6Mb
Flavors: r-devel-linux-x86_64-fedora-clang, r-devel-linux-x86_64-fedora-gcc, r-release-osx-x86_64, r-oldrel-osx-x86_64