Last updated on 2018-04-29 01:47:07 CEST.
Flavor | Version | Tinstall | Tcheck | Ttotal | Status | Flags |
---|---|---|---|---|---|---|
r-devel-linux-x86_64-debian-clang | 1.39 | 5.75 | 62.18 | 67.93 | OK | |
r-devel-linux-x86_64-debian-gcc | 1.39 | 4.04 | 52.61 | 56.65 | OK | |
r-devel-linux-x86_64-fedora-clang | 1.39 | 84.17 | NOTE | |||
r-devel-linux-x86_64-fedora-gcc | 1.39 | 81.80 | NOTE | |||
r-devel-windows-ix86+x86_64 | 1.39 | 14.00 | 100.00 | 114.00 | OK | |
r-patched-linux-x86_64 | 1.39 | 6.06 | 62.34 | 68.40 | OK | |
r-patched-solaris-x86 | 1.39 | 102.10 | NOTE | |||
r-release-linux-x86_64 | 1.39 | 5.30 | 61.67 | 66.97 | OK | |
r-release-windows-ix86+x86_64 | 1.39 | 14.00 | 100.00 | 114.00 | OK | |
r-release-osx-x86_64 | 1.39 | NOTE | ||||
r-oldrel-windows-ix86+x86_64 | 1.39 | 5.00 | 105.00 | 110.00 | OK | |
r-oldrel-osx-x86_64 | 1.39 | NOTE |
Version: 1.39
Check: dependencies in R code
Result: NOTE
Namespace in Imports field not imported from: ‘RUnit’
All declared Imports should be used.
Flavors: r-devel-linux-x86_64-fedora-clang, r-devel-linux-x86_64-fedora-gcc, r-patched-solaris-x86, r-release-osx-x86_64, r-oldrel-osx-x86_64