CRAN Package Check Results for Package largeList

Last updated on 2018-04-29 01:47:08 CEST.

Flavor Version Tinstall Tcheck Ttotal Status Flags
r-devel-linux-x86_64-debian-clang 0.3.1 12.58 20.26 32.84 OK
r-devel-linux-x86_64-debian-gcc 0.3.1 9.61 17.06 26.67 OK
r-devel-linux-x86_64-fedora-clang 0.3.1 44.46 OK
r-devel-linux-x86_64-fedora-gcc 0.3.1 40.00 OK
r-devel-windows-ix86+x86_64 0.3.1 78.00 69.00 147.00 OK
r-patched-linux-x86_64 0.3.1 11.66 20.28 31.94 OK
r-patched-solaris-x86 0.3.1 54.90 ERROR
r-release-linux-x86_64 0.3.1 11.58 20.43 32.01 OK
r-release-windows-ix86+x86_64 0.3.1 78.00 69.00 147.00 OK
r-release-osx-x86_64 0.3.1 OK
r-oldrel-windows-ix86+x86_64 0.3.1 57.00 56.00 113.00 OK
r-oldrel-osx-x86_64 0.3.1 OK

Check Details

Version: 0.3.1
Check: tests
Result: ERROR
     Running ‘config.R’
     Running ‘testthat.R’
    Running the tests in ‘tests/config.R’ failed.
    Complete output:
     > mac_dir <- "~/Documents/Rtest/"
     > win_dir <- "C:/Rtest"
     > linux_dir <- "~/Documents/Rtest"
     >
     > switch(Sys.info()['sysname'],
     + "Darwin" = {working_dir <- mac_dir},
     + "Windows" = {working_dir <- win_dir},
     + "Linux" = {working_dir <- linux_dir})
     >
     > rds_file_name <- "./ranListSmall.rds"
     > llo_file_name <- "./ranListSmall.llo"
     > repeat_time <- 20
     > original <- FALSE
     > compress <- TRUE
     >
     > # rds_file_name <- "./ranListMid.rds"
     > # llo_file_name <- "./ranListMid.llo"
     > # repeat_time <- 20
     > # original <- FALSE
     > # compress <- TRUE
     >
     > options(list(largeList.report.progress = FALSE))
     >
     > if (dir.exists(working_dir)) {
     + setwd(working_dir)
     + if (file.exists(rds_file_name)) {
     + library(futile.logger)
     + ready_to_test <- TRUE
     + } else {
     + ready_to_test <- FALSE
     + }
     + } else {
     + ready_to_test <- FALSE
     + }
     Error in dir.exists(working_dir) : object 'working_dir' not found
     Execution halted
Flavor: r-patched-solaris-x86