Last updated on 2018-04-29 01:47:08 CEST.
Flavor | Version | Tinstall | Tcheck | Ttotal | Status | Flags |
---|---|---|---|---|---|---|
r-devel-linux-x86_64-debian-clang | 0.6 | 4.00 | 51.28 | 55.28 | NOTE | |
r-devel-linux-x86_64-debian-gcc | 0.6 | 4.44 | 47.98 | 52.42 | NOTE | |
r-devel-linux-x86_64-fedora-clang | 0.6 | 67.70 | NOTE | |||
r-devel-linux-x86_64-fedora-gcc | 0.6 | 68.18 | NOTE | |||
r-devel-windows-ix86+x86_64 | 0.6 | 8.00 | 83.00 | 91.00 | NOTE | |
r-patched-linux-x86_64 | 0.6 | 3.87 | 51.42 | 55.29 | NOTE | |
r-patched-solaris-x86 | 0.6 | 108.70 | NOTE | |||
r-release-linux-x86_64 | 0.6 | 3.71 | 51.62 | 55.33 | NOTE | |
r-release-windows-ix86+x86_64 | 0.6 | 8.00 | 83.00 | 91.00 | NOTE | |
r-release-osx-x86_64 | 0.6 | NOTE | ||||
r-oldrel-windows-ix86+x86_64 | 0.6 | 6.00 | 81.00 | 87.00 | NOTE | |
r-oldrel-osx-x86_64 | 0.6 | NOTE |
Version: 0.6
Check: R code for possible problems
Result: NOTE
glassoscore: no visible global function definition for ‘var’
glassoscore: no visible global function definition for ‘pchisq’
lassoscore: no visible global function definition for ‘txtProgressBar’
lassoscore: no visible global function definition for
‘setTxtProgressBar’
lassoscore: no visible global function definition for ‘pchisq’
plot.glassoscore: no visible global function definition for ‘legend’
plot.lassoscore: no visible global function definition for ‘legend’
plot.mbscore: no visible global function definition for ‘legend’
qqpval: no visible global function definition for ‘ppoints’
qqpval: no visible global function definition for ‘qbeta’
qqpval: no visible global function definition for ‘points’
qqpval: no visible global function definition for ‘plot’
qqpval: no visible global function definition for ‘abline’
qqpval: no visible global function definition for ‘polygon’
Undefined global functions or variables:
abline legend pchisq plot points polygon ppoints qbeta
setTxtProgressBar txtProgressBar var
Consider adding
importFrom("graphics", "abline", "legend", "plot", "points", "polygon")
importFrom("stats", "pchisq", "ppoints", "qbeta", "var")
importFrom("utils", "setTxtProgressBar", "txtProgressBar")
to your NAMESPACE file.
Flavors: r-devel-linux-x86_64-debian-clang, r-devel-linux-x86_64-debian-gcc, r-devel-linux-x86_64-fedora-clang, r-devel-linux-x86_64-fedora-gcc, r-devel-windows-ix86+x86_64, r-patched-linux-x86_64, r-patched-solaris-x86, r-release-linux-x86_64, r-release-windows-ix86+x86_64, r-release-osx-x86_64, r-oldrel-windows-ix86+x86_64, r-oldrel-osx-x86_64