Last updated on 2018-04-29 01:47:08 CEST.
Flavor | Version | Tinstall | Tcheck | Ttotal | Status | Flags |
---|---|---|---|---|---|---|
r-devel-linux-x86_64-debian-clang | 0.2.1 | 3.36 | 38.96 | 42.32 | OK | |
r-devel-linux-x86_64-debian-gcc | 0.2.1 | 3.04 | 33.36 | 36.40 | OK | |
r-devel-linux-x86_64-fedora-clang | 0.2.1 | 52.82 | NOTE | |||
r-devel-linux-x86_64-fedora-gcc | 0.2.1 | 46.89 | NOTE | |||
r-devel-windows-ix86+x86_64 | 0.2.1 | 21.00 | 68.00 | 89.00 | NOTE | |
r-patched-linux-x86_64 | 0.2.1 | 3.01 | 38.45 | 41.46 | OK | |
r-patched-solaris-x86 | 0.2.1 | 77.60 | NOTE | |||
r-release-linux-x86_64 | 0.2.1 | 3.55 | 39.08 | 42.63 | OK | |
r-release-windows-ix86+x86_64 | 0.2.1 | 21.00 | 68.00 | 89.00 | NOTE | |
r-release-osx-x86_64 | 0.2.1 | NOTE | ||||
r-oldrel-windows-ix86+x86_64 | 0.2.1 | 13.00 | 52.00 | 65.00 | NOTE | |
r-oldrel-osx-x86_64 | 0.2.1 | NOTE |
Version: 0.2.1
Check: installed package size
Result: NOTE
installed size is 12.1Mb
sub-directories of 1Mb or more:
geojson 11.9Mb
Flavors: r-devel-linux-x86_64-fedora-clang, r-devel-linux-x86_64-fedora-gcc, r-devel-windows-ix86+x86_64, r-patched-solaris-x86, r-release-windows-ix86+x86_64, r-release-osx-x86_64, r-oldrel-windows-ix86+x86_64, r-oldrel-osx-x86_64
Version: 0.2.1
Check: dependencies in R code
Result: NOTE
Namespace in Imports field not imported from: ‘rgeos’
All declared Imports should be used.
Flavors: r-devel-linux-x86_64-fedora-clang, r-devel-linux-x86_64-fedora-gcc, r-patched-solaris-x86, r-release-osx-x86_64, r-oldrel-osx-x86_64
Version: 0.2.1
Check: data for non-ASCII characters
Result: NOTE
Note: found 1096 marked UTF-8 strings
Flavors: r-devel-linux-x86_64-fedora-clang, r-devel-linux-x86_64-fedora-gcc, r-patched-solaris-x86, r-release-osx-x86_64, r-oldrel-osx-x86_64