CRAN Package Check Results for Package ltbayes

Last updated on 2018-04-29 01:47:08 CEST.

Flavor Version Tinstall Tcheck Ttotal Status Flags
r-devel-linux-x86_64-debian-clang 0.4 2.70 109.49 112.19 NOTE
r-devel-linux-x86_64-debian-gcc 0.4 2.30 80.43 82.73 NOTE
r-devel-linux-x86_64-fedora-clang 0.4 128.78 NOTE
r-devel-linux-x86_64-fedora-gcc 0.4 129.05 NOTE
r-devel-windows-ix86+x86_64 0.4 17.00 166.00 183.00 OK
r-patched-linux-x86_64 0.4 2.30 105.56 107.86 NOTE
r-patched-solaris-x86 0.4 167.20 OK
r-release-linux-x86_64 0.4 2.48 105.42 107.90 NOTE
r-release-windows-ix86+x86_64 0.4 17.00 166.00 183.00 OK
r-release-osx-x86_64 0.4 OK
r-oldrel-windows-ix86+x86_64 0.4 10.00 176.00 186.00 OK
r-oldrel-osx-x86_64 0.4 OK

Check Details

Version: 0.4
Check: compiled code
Result: NOTE
    File ‘ltbayes/libs/ltbayes.so’:
     Found no calls to: ‘R_registerRoutines’, ‘R_useDynamicSymbols’
    
    It is good practice to register native routines and to disable symbol
    search.
    
    See ‘Writing portable packages’ in the ‘Writing R Extensions’ manual.
Flavors: r-devel-linux-x86_64-debian-clang, r-devel-linux-x86_64-debian-gcc, r-devel-linux-x86_64-fedora-clang, r-devel-linux-x86_64-fedora-gcc, r-patched-linux-x86_64, r-release-linux-x86_64

Version: 0.4
Check: DESCRIPTION meta-information
Result: NOTE
    Dependence on R version ‘3.3.1’ not with patchlevel 0
Flavors: r-patched-linux-x86_64, r-release-linux-x86_64