CRAN Package Check Results for Package lwgeom

Last updated on 2018-04-29 01:47:09 CEST.

Flavor Version Tinstall Tcheck Ttotal Status Flags
r-devel-linux-x86_64-debian-clang 0.1-4 65.83 41.38 107.21 OK
r-devel-linux-x86_64-debian-gcc 0.1-4 53.15 39.99 93.14 OK
r-devel-linux-x86_64-fedora-clang 0.1-4 144.27 OK
r-devel-linux-x86_64-fedora-gcc 0.1-4 131.58 OK
r-devel-windows-ix86+x86_64 0.1-4 276.00 130.00 406.00 NOTE
r-patched-linux-x86_64 0.1-4 70.46 40.49 110.95 OK
r-patched-solaris-x86 0.1-4 170.30 OK
r-release-linux-x86_64 0.1-4 69.25 40.35 109.60 OK
r-release-windows-ix86+x86_64 0.1-4 276.00 130.00 406.00 NOTE
r-release-osx-x86_64 0.1-4 NOTE
r-oldrel-windows-ix86+x86_64 0.1-4 241.00 106.00 347.00 NOTE
r-oldrel-osx-x86_64 0.1-4 NOTE

Check Details

Version: 0.1-4
Check: installed package size
Result: NOTE
     installed size is 10.4Mb
     sub-directories of 1Mb or more:
     libs 5.3Mb
     proj 5.0Mb
Flavors: r-devel-windows-ix86+x86_64, r-release-windows-ix86+x86_64, r-release-osx-x86_64, r-oldrel-windows-ix86+x86_64, r-oldrel-osx-x86_64