CRAN Package Check Results for Package maps

Last updated on 2018-04-29 01:47:09 CEST.

Flavor Version Tinstall Tcheck Ttotal Status Flags
r-devel-linux-x86_64-debian-clang 3.3.0 6.06 30.09 36.15 OK
r-devel-linux-x86_64-debian-gcc 3.3.0 5.04 24.69 29.73 OK
r-devel-linux-x86_64-fedora-clang 3.3.0 46.25 OK
r-devel-linux-x86_64-fedora-gcc 3.3.0 44.23 OK
r-devel-windows-ix86+x86_64 3.3.0 57.00 75.00 132.00 OK
r-patched-linux-x86_64 3.3.0 7.07 29.49 36.56 OK
r-patched-solaris-x86 3.3.0 71.60 NOTE
r-release-linux-x86_64 3.3.0 5.87 29.83 35.70 OK
r-release-windows-ix86+x86_64 3.3.0 57.00 75.00 132.00 OK
r-release-osx-x86_64 3.3.0 OK
r-oldrel-windows-ix86+x86_64 3.3.0 35.00 54.00 89.00 OK
r-oldrel-osx-x86_64 3.3.0 OK

Check Details

Version: 3.3.0
Check: installed package size
Result: NOTE
     installed size is 5.3Mb
     sub-directories of 1Mb or more:
     mapdata 4.2Mb
Flavor: r-patched-solaris-x86