Last updated on 2018-04-29 01:47:09 CEST.
Flavor | Version | Tinstall | Tcheck | Ttotal | Status | Flags |
---|---|---|---|---|---|---|
r-devel-linux-x86_64-debian-clang | 1.0.0 | 28.64 | 235.37 | 264.01 | OK | |
r-devel-linux-x86_64-debian-gcc | 1.0.0 | 26.93 | 207.33 | 234.26 | OK | |
r-devel-linux-x86_64-fedora-clang | 1.0.0 | 313.52 | OK | |||
r-devel-linux-x86_64-fedora-gcc | 1.0.0 | 302.50 | OK | |||
r-devel-windows-ix86+x86_64 | 1.0.0 | 84.00 | 403.00 | 487.00 | OK | |
r-patched-linux-x86_64 | 1.0.0 | 32.81 | 237.17 | 269.98 | OK | |
r-patched-solaris-x86 | 1.0.0 | 287.10 | WARN | |||
r-release-linux-x86_64 | 1.0.0 | 28.45 | 234.97 | 263.42 | OK | |
r-release-windows-ix86+x86_64 | 1.0.0 | 84.00 | 403.00 | 487.00 | OK | |
r-release-osx-x86_64 | 1.0.0 | OK | ||||
r-oldrel-windows-ix86+x86_64 | 1.0.0 | 50.00 | 291.00 | 341.00 | OK | |
r-oldrel-osx-x86_64 | 1.0.0 | OK |
Version: 1.0.0
Check: re-building of vignette outputs
Result: WARN
Error in re-building vignettes:
...
Warning in engine$weave(file, quiet = quiet, encoding = enc) :
Pandoc (>= 1.12.3) and/or pandoc-citeproc not available. Falling back to R Markdown v1.
Warning in (function (filename = "Rplot%03d.png", width = 480, height = 480, :
cairo error 'invalid value (typically too big) for the size of the input (surface, pattern, etc.)'
Quitting from lines 39-41 (vignette.Rmd)
Error: processing vignette 'vignette.Rmd' failed with diagnostics:
unable to start device 'png'
Execution halted
Flavor: r-patched-solaris-x86