Last updated on 2018-04-29 01:47:10 CEST.
Flavor | Version | Tinstall | Tcheck | Ttotal | Status | Flags |
---|---|---|---|---|---|---|
r-devel-linux-x86_64-debian-clang | 0.0.2 | 3.80 | 31.32 | 35.12 | NOTE | |
r-devel-linux-x86_64-debian-gcc | 0.0.2 | 2.80 | 27.00 | 29.80 | NOTE | |
r-devel-linux-x86_64-fedora-clang | 0.0.2 | 43.56 | NOTE | |||
r-devel-linux-x86_64-fedora-gcc | 0.0.2 | 41.78 | NOTE | |||
r-devel-windows-ix86+x86_64 | 0.0.2 | 12.00 | 84.00 | 96.00 | OK | |
r-patched-linux-x86_64 | 0.0.2 | 3.40 | 31.10 | 34.50 | NOTE | |
r-patched-solaris-x86 | 0.0.2 | 68.60 | OK | |||
r-release-linux-x86_64 | 0.0.2 | 3.95 | 30.91 | 34.86 | NOTE | |
r-release-windows-ix86+x86_64 | 0.0.2 | 12.00 | 84.00 | 96.00 | OK | |
r-release-osx-x86_64 | 0.0.2 | OK | ||||
r-oldrel-windows-ix86+x86_64 | 0.0.2 | 9.00 | 77.00 | 86.00 | OK | |
r-oldrel-osx-x86_64 | 0.0.2 | NOTE |
Version: 0.0.2
Check: compiled code
Result: NOTE
File ‘mgarchBEKK/libs/mgarchBEKK.so’:
Found no calls to: ‘R_registerRoutines’, ‘R_useDynamicSymbols’
It is good practice to register native routines and to disable symbol
search.
See ‘Writing portable packages’ in the ‘Writing R Extensions’ manual.
Flavors: r-devel-linux-x86_64-debian-clang, r-devel-linux-x86_64-debian-gcc, r-devel-linux-x86_64-fedora-clang, r-devel-linux-x86_64-fedora-gcc, r-patched-linux-x86_64, r-release-linux-x86_64
Version: 0.0.2
Check: package dependencies
Result: NOTE
Package suggested but not available for checking: ‘devtools’
Flavor: r-oldrel-osx-x86_64