Last updated on 2018-04-29 01:47:10 CEST.
Flavor | Version | Tinstall | Tcheck | Ttotal | Status | Flags |
---|---|---|---|---|---|---|
r-devel-linux-x86_64-debian-clang | 6.3.1 | 33.40 | 216.48 | 249.88 | OK | |
r-devel-linux-x86_64-debian-gcc | 6.3.1 | 31.19 | 177.42 | 208.61 | OK | |
r-devel-linux-x86_64-fedora-clang | 6.3.1 | 314.16 | NOTE | |||
r-devel-linux-x86_64-fedora-gcc | 6.3.1 | 305.25 | NOTE | |||
r-devel-windows-ix86+x86_64 | 6.3.1 | 65.00 | 292.00 | 357.00 | NOTE | |
r-patched-linux-x86_64 | 6.3.1 | 32.92 | 219.95 | 252.87 | OK | |
r-patched-solaris-x86 | 6.3.1 | 400.90 | NOTE | |||
r-release-linux-x86_64 | 6.3.1 | 32.40 | 218.38 | 250.78 | OK | |
r-release-windows-ix86+x86_64 | 6.3.1 | 65.00 | 292.00 | 357.00 | NOTE | |
r-release-osx-x86_64 | 6.3.1 | NOTE | ||||
r-oldrel-windows-ix86+x86_64 | 6.3.1 | 17.00 | 326.00 | 343.00 | OK | |
r-oldrel-osx-x86_64 | 6.3.1 | OK |
Version: 6.3.1
Check: installed package size
Result: NOTE
installed size is 5.8Mb
sub-directories of 1Mb or more:
R 1.2Mb
data 4.0Mb
Flavors: r-devel-linux-x86_64-fedora-clang, r-devel-linux-x86_64-fedora-gcc, r-devel-windows-ix86+x86_64, r-patched-solaris-x86, r-release-windows-ix86+x86_64, r-release-osx-x86_64