Last updated on 2018-04-29 01:47:10 CEST.
Flavor | Version | Tinstall | Tcheck | Ttotal | Status | Flags |
---|---|---|---|---|---|---|
r-devel-linux-x86_64-debian-clang | 0.3.6 | 25.72 | 40.46 | 66.18 | NOTE | |
r-devel-linux-x86_64-debian-gcc | 0.3.6 | 21.02 | 33.01 | 54.03 | NOTE | |
r-devel-linux-x86_64-fedora-clang | 0.3.6 | 82.71 | NOTE | |||
r-devel-linux-x86_64-fedora-gcc | 0.3.6 | 81.27 | NOTE | |||
r-devel-windows-ix86+x86_64 | 0.3.6 | 70.00 | 95.00 | 165.00 | OK | |
r-patched-linux-x86_64 | 0.3.6 | 27.31 | 39.45 | 66.76 | NOTE | |
r-patched-solaris-x86 | 0.3.6 | 102.70 | OK | |||
r-release-linux-x86_64 | 0.3.6 | 25.45 | 39.55 | 65.00 | NOTE | |
r-release-windows-ix86+x86_64 | 0.3.6 | 70.00 | 95.00 | 165.00 | OK | |
r-release-osx-x86_64 | 0.3.6 | OK | ||||
r-oldrel-windows-ix86+x86_64 | 0.3.6 | 49.00 | 109.00 | 158.00 | OK | |
r-oldrel-osx-x86_64 | 0.3.6 | OK |
Version: 0.3.6
Check: compiled code
Result: NOTE
File ‘mixpack/libs/mixpack.so’:
Found no calls to: ‘R_registerRoutines’, ‘R_useDynamicSymbols’
It is good practice to register native routines and to disable symbol
search.
See ‘Writing portable packages’ in the ‘Writing R Extensions’ manual.
Flavors: r-devel-linux-x86_64-debian-clang, r-devel-linux-x86_64-debian-gcc, r-devel-linux-x86_64-fedora-clang, r-devel-linux-x86_64-fedora-gcc, r-patched-linux-x86_64, r-release-linux-x86_64