CRAN Package Check Results for Package mknapsack

Last updated on 2018-04-29 01:47:10 CEST.

Flavor Version Tinstall Tcheck Ttotal Status Flags
r-devel-linux-x86_64-debian-clang 0.1.0 1.23 24.34 25.57 OK
r-devel-linux-x86_64-debian-gcc 0.1.0 1.14 20.49 21.63 OK
r-devel-linux-x86_64-fedora-clang 0.1.0 30.14 OK
r-devel-linux-x86_64-fedora-gcc 0.1.0 28.30 OK
r-devel-windows-ix86+x86_64 0.1.0 4.00 53.00 57.00 OK
r-patched-linux-x86_64 0.1.0 1.10 23.38 24.48 OK
r-patched-solaris-x86 0.1.0 46.80 OK
r-release-linux-x86_64 0.1.0 1.00 23.00 24.00 OK
r-release-windows-ix86+x86_64 0.1.0 4.00 53.00 57.00 OK
r-release-osx-x86_64 0.1.0 NOTE
r-oldrel-windows-ix86+x86_64 0.1.0 3.00 50.00 53.00 OK
r-oldrel-osx-x86_64 0.1.0 NOTE

Check Details

Version: 0.1.0
Check: package dependencies
Result: NOTE
    Packages suggested but not available for checking:
     ‘Rglpk’ ‘ROI.plugin.glpk’
Flavors: r-release-osx-x86_64, r-oldrel-osx-x86_64