CRAN Package Check Results for Package mlmc

Last updated on 2018-04-29 01:47:10 CEST.

Flavor Version Tinstall Tcheck Ttotal Status Flags
r-devel-linux-x86_64-debian-clang 1.0.0 13.78 37.08 50.86 NOTE
r-devel-linux-x86_64-debian-gcc 1.0.0 11.32 30.30 41.62 NOTE
r-devel-linux-x86_64-fedora-clang 1.0.0 64.54 NOTE
r-devel-linux-x86_64-fedora-gcc 1.0.0 59.55 NOTE
r-devel-windows-ix86+x86_64 1.0.0 37.00 102.00 139.00 OK
r-patched-linux-x86_64 1.0.0 14.13 36.15 50.28 NOTE
r-patched-solaris-x86 1.0.0 87.40 OK
r-release-linux-x86_64 1.0.0 14.85 36.61 51.46 NOTE
r-release-windows-ix86+x86_64 1.0.0 37.00 102.00 139.00 OK
r-release-osx-x86_64 1.0.0 OK
r-oldrel-windows-ix86+x86_64 1.0.0 24.00 103.00 127.00 OK
r-oldrel-osx-x86_64 1.0.0 OK

Check Details

Version: 1.0.0
Check: compiled code
Result: NOTE
    File ‘mlmc/libs/mlmc.so’:
     Found no calls to: ‘R_registerRoutines’, ‘R_useDynamicSymbols’
    
    It is good practice to register native routines and to disable symbol
    search.
    
    See ‘Writing portable packages’ in the ‘Writing R Extensions’ manual.
Flavors: r-devel-linux-x86_64-debian-clang, r-devel-linux-x86_64-debian-gcc, r-devel-linux-x86_64-fedora-clang, r-devel-linux-x86_64-fedora-gcc, r-patched-linux-x86_64, r-release-linux-x86_64