Last updated on 2018-04-29 01:47:10 CEST.
Flavor | Version | Tinstall | Tcheck | Ttotal | Status | Flags |
---|---|---|---|---|---|---|
r-devel-linux-x86_64-debian-clang | 1.2.5 | 3.85 | 413.81 | 417.66 | NOTE | |
r-devel-linux-x86_64-debian-gcc | 1.2.5 | 3.32 | 313.51 | 316.83 | NOTE | |
r-devel-linux-x86_64-fedora-clang | 1.2.5 | 581.07 | NOTE | |||
r-devel-linux-x86_64-fedora-gcc | 1.2.5 | 509.08 | NOTE | |||
r-devel-windows-ix86+x86_64 | 1.2.5 | 11.00 | 50.00 | 61.00 | OK | --no-vignettes |
r-patched-linux-x86_64 | 1.2.5 | 3.54 | 423.40 | 426.94 | NOTE | |
r-patched-solaris-x86 | 1.2.5 | 1565.10 | OK | |||
r-release-linux-x86_64 | 1.2.5 | 3.85 | 413.38 | 417.23 | NOTE | |
r-release-windows-ix86+x86_64 | 1.2.5 | 11.00 | 50.00 | 61.00 | OK | --no-vignettes |
r-release-osx-x86_64 | 1.2.5 | FAIL | ||||
r-oldrel-windows-ix86+x86_64 | 1.2.5 | 7.00 | 69.00 | 76.00 | OK | --no-vignettes |
r-oldrel-osx-x86_64 | 1.2.5 | OK |
Version: 1.2.5
Check: compiled code
Result: NOTE
File ‘mnlogit/libs/mnlogit.so’:
Found no calls to: ‘R_registerRoutines’, ‘R_useDynamicSymbols’
It is good practice to register native routines and to disable symbol
search.
See ‘Writing portable packages’ in the ‘Writing R Extensions’ manual.
Flavors: r-devel-linux-x86_64-debian-clang, r-devel-linux-x86_64-debian-gcc, r-devel-linux-x86_64-fedora-clang, r-devel-linux-x86_64-fedora-gcc, r-patched-linux-x86_64, r-release-linux-x86_64
Version: 1.2.5
Check: re-building of vignette outputs
Result: FAIL
Flavor: r-release-osx-x86_64