CRAN Package Check Results for Package mppa

Last updated on 2018-04-29 01:47:11 CEST.

Flavor Version Tinstall Tcheck Ttotal Status Flags
r-devel-linux-x86_64-debian-clang 1.0 1.02 26.60 27.62 NOTE
r-devel-linux-x86_64-debian-gcc 1.0 1.25 21.32 22.57 NOTE
r-devel-linux-x86_64-fedora-clang 1.0 39.89 NOTE
r-devel-linux-x86_64-fedora-gcc 1.0 31.55 NOTE
r-devel-windows-ix86+x86_64 1.0 5.00 36.00 41.00 NOTE
r-patched-linux-x86_64 1.0 1.44 27.44 28.88 NOTE
r-patched-solaris-x86 1.0 51.70 NOTE
r-release-linux-x86_64 1.0 1.14 26.77 27.91 NOTE
r-release-windows-ix86+x86_64 1.0 5.00 36.00 41.00 NOTE
r-release-osx-x86_64 1.0 NOTE
r-oldrel-windows-ix86+x86_64 1.0 2.00 41.00 43.00 NOTE
r-oldrel-osx-x86_64 1.0 NOTE

Check Details

Version: 1.0
Check: R code for possible problems
Result: NOTE
    place: no visible global function definition for ‘points’
    plot,mproc: no visible binding for global variable ‘rainbow’
    plot,mproc: no visible global function definition for ‘plot.default’
    plot,mproc: no visible global function definition for ‘axis’
    plot,mproc: no visible global function definition for ‘points’
    Undefined global functions or variables:
     axis plot.default points rainbow
    Consider adding
     importFrom("grDevices", "rainbow")
     importFrom("graphics", "axis", "plot.default", "points")
    to your NAMESPACE file.
Flavors: r-devel-linux-x86_64-debian-clang, r-devel-linux-x86_64-debian-gcc, r-devel-linux-x86_64-fedora-clang, r-devel-linux-x86_64-fedora-gcc, r-devel-windows-ix86+x86_64, r-patched-linux-x86_64, r-patched-solaris-x86, r-release-linux-x86_64, r-release-windows-ix86+x86_64, r-release-osx-x86_64, r-oldrel-windows-ix86+x86_64, r-oldrel-osx-x86_64