Last updated on 2018-04-29 01:47:12 CEST.
Flavor | Version | Tinstall | Tcheck | Ttotal | Status | Flags |
---|---|---|---|---|---|---|
r-devel-linux-x86_64-debian-clang | 1.4 | 1.49 | 290.99 | 292.48 | OK | |
r-devel-linux-x86_64-debian-gcc | 1.4 | 1.57 | 206.00 | 207.57 | OK | |
r-devel-linux-x86_64-fedora-clang | 1.4 | 315.35 | NOTE | |||
r-devel-linux-x86_64-fedora-gcc | 1.4 | 307.00 | NOTE | |||
r-devel-windows-ix86+x86_64 | 1.4 | 5.00 | 348.00 | 353.00 | OK | |
r-patched-linux-x86_64 | 1.4 | 1.46 | 268.16 | 269.62 | OK | |
r-patched-solaris-x86 | 1.4 | 219.10 | WARN | |||
r-release-linux-x86_64 | 1.4 | 2.15 | 278.96 | 281.11 | OK | |
r-release-windows-ix86+x86_64 | 1.4 | 5.00 | 348.00 | 353.00 | OK | |
r-release-osx-x86_64 | 1.4 | WARN | ||||
r-oldrel-windows-ix86+x86_64 | 1.4 | 3.00 | 295.00 | 298.00 | OK | |
r-oldrel-osx-x86_64 | 1.4 | WARN |
Version: 1.4
Check: dependencies in R code
Result: NOTE
Namespace in Imports field not imported from: ‘deSolve’
All declared Imports should be used.
Flavors: r-devel-linux-x86_64-fedora-clang, r-devel-linux-x86_64-fedora-gcc, r-patched-solaris-x86, r-release-osx-x86_64, r-oldrel-osx-x86_64
Version: 1.4
Check: re-building of vignette outputs
Result: WARN
Error in re-building vignettes:
...
Warning in engine$weave(file, quiet = quiet, encoding = enc) :
Pandoc (>= 1.12.3) and/or pandoc-citeproc not available. Falling back to R Markdown v1.
Warning in engine$weave(file, quiet = quiet, encoding = enc) :
Pandoc (>= 1.12.3) and/or pandoc-citeproc not available. Falling back to R Markdown v1.
Warning in engine$weave(file, quiet = quiet, encoding = enc) :
Pandoc (>= 1.12.3) and/or pandoc-citeproc not available. Falling back to R Markdown v1.
Warning in engine$weave(file, quiet = quiet, encoding = enc) :
Pandoc (>= 1.12.3) and/or pandoc-citeproc not available. Falling back to R Markdown v1.
Warning in engine$weave(file, quiet = quiet, encoding = enc) :
Pandoc (>= 1.12.3) and/or pandoc-citeproc not available. Falling back to R Markdown v1.
Error: processing vignette 'walkthrough.Rmd' failed with diagnostics:
(converted from warning) Pandoc (>= 1.12.3) and/or pandoc-citeproc not available. Falling back to R Markdown v1.
Execution halted
Flavors: r-patched-solaris-x86, r-release-osx-x86_64, r-oldrel-osx-x86_64