Last updated on 2018-04-29 01:47:11 CEST.
Flavor | Version | Tinstall | Tcheck | Ttotal | Status | Flags |
---|---|---|---|---|---|---|
r-devel-linux-x86_64-debian-clang | 0.4.7 | 51.50 | 28.24 | 79.74 | WARN | |
r-devel-linux-x86_64-debian-gcc | 0.4.7 | 40.79 | 24.69 | 65.48 | OK | |
r-devel-linux-x86_64-fedora-clang | 0.4.7 | 108.31 | NOTE | |||
r-devel-linux-x86_64-fedora-gcc | 0.4.7 | 95.92 | NOTE | |||
r-devel-windows-ix86+x86_64 | 0.4.7 | 124.00 | 85.00 | 209.00 | OK | |
r-patched-linux-x86_64 | 0.4.7 | 48.34 | 28.22 | 76.56 | OK | |
r-patched-solaris-x86 | 0.4.7 | 108.30 | OK | |||
r-release-linux-x86_64 | 0.4.7 | 51.08 | 28.15 | 79.23 | OK | |
r-release-windows-ix86+x86_64 | 0.4.7 | 124.00 | 85.00 | 209.00 | OK | |
r-release-osx-x86_64 | 0.4.7 | WARN | ||||
r-oldrel-windows-ix86+x86_64 | 0.4.7 | 102.00 | 83.00 | 185.00 | OK | |
r-oldrel-osx-x86_64 | 0.4.7 | NOTE |
Version: 0.4.7
Check: whether package can be installed
Result: WARN
Found the following significant warnings:
./index_heap.h:318:4: warning: 'register' storage class specifier is deprecated and incompatible with C++17 [-Wdeprecated-register]
Flavors: r-devel-linux-x86_64-debian-clang, r-release-osx-x86_64
Version: 0.4.7
Check: installed package size
Result: NOTE
installed size is 8.6Mb
sub-directories of 1Mb or more:
libs 8.5Mb
Flavors: r-devel-linux-x86_64-fedora-clang, r-devel-linux-x86_64-fedora-gcc, r-release-osx-x86_64, r-oldrel-osx-x86_64